
{"id":1009,"date":"2018-02-14T16:25:54","date_gmt":"2018-02-14T15:25:54","guid":{"rendered":"http:\/\/www.tuseni.cz\/?page_id=1009"},"modified":"2020-08-26T09:39:55","modified_gmt":"2020-08-26T08:39:55","slug":"aktuality-2016","status":"publish","type":"page","link":"https:\/\/www.tuseni.cz\/index.php\/aktuality-2021-2022\/aktuality-2016\/","title":{"rendered":"Aktuality 2016"},"content":{"rendered":"<p>pond\u011bl\u00ed 19.&nbsp;9. | 18.00 | Kostel sv. V\u00edta<\/p>\n<h6>Duchovn\u00ed koncert v&nbsp;kostele.<\/h6>\n<p>V pond\u011bl\u00ed 19.&nbsp;9.&nbsp;od 18.&nbsp;hod. vystoup\u00ed v&nbsp;na\u0161em kostele sv.V\u00edta sopranistka souboru Musica cum gaudio Magdalena \u0160. Turchichov\u00e1 za doprovodu titul\u00e1rn\u00edho varhan\u00edka kostela Panny Marie Sn\u011b\u017en\u00e9 v&nbsp;Praze Martina \u0160m\u00edda. Na programu zazn\u00ed kant\u00e1ty p\u0159ev\u00e1\u017en\u011b italsk\u00fdch autor\u016f 2.&nbsp;pol 17.&nbsp;stolet\u00ed.<\/p>\n<hr \/>\n<p>p\u00e1tek 21.&nbsp;10. | 16:30\u201318:00 | Kotelna<\/p>\n<h6>V\u00fdtvarn\u00e1 d\u00edlna LAMPIONOV\u00c1<\/h6>\n<p>pro v\u0161echny z\u00e1jemce otev\u0159en\u00e1 v\u00fdtvarn\u00e1 d\u00edlna LAMPIONOV\u00c1 \u2013 p\u0159ij\u010fte si vyrobit netradi\u010dn\u00ed lampion, sv\u011btlo pro v\u00e1s va\u0161e bl\u00edzk\u00e9.<br \/>\nN\u00e1padit\u00fd, barevn\u00fd, h\u0159ejiv\u00fd, legra\u010dn\u00ed jak\u00fd budete cht\u00edt. Cena 100,- K\u010d<\/p>\n<hr \/>\n<p>sobota 22.10 | od 15:00 | D\u00fd\u0148ovi\u0161t\u011b<\/p>\n<h6>Slavnost sv\u011btel, D\u00fd\u0148ov\u00e9 odpoledne<\/h6>\n<p>dlab\u00e1n\u00ed d\u00fdn\u00ed, v\u00fdroba sv\u011bteln\u00fdch objekt\u016f, realizace sv\u011bteln\u00fdch obrazc\u016f v&nbsp;planairu, ohe\u0148, odpoledne hry pro d\u011bti, no\u010dn\u00ed dobrodru\u017estv\u00ed<br \/>\nprogram:<\/p>\n<ul>\n<li>15:00 na d\u00fd\u0148ovi\u0161ti (link na mapi\u010dku) dlab\u00e1n\u00ed d\u00fdn\u00ed, v\u00fdroba lampion\u016f a&nbsp;sv\u00edcn\u016f, sv\u011bteln\u00fdch objekt\u016f, odpoledn\u00ed hra pro d\u011bti &#8211; les st\u00edn\u016f<\/li>\n<li>17:00 p\u0159\u00edprava\u00a0 a&nbsp;instalace sv\u011bteln\u00fdch obrazc\u016f v&nbsp;planairu<\/li>\n<li>18:00\u00a0 ohe\u0148\u00a0 &#8211; no\u010dn\u00ed dobrodru\u017estv\u00ed<\/li>\n<\/ul>\n<p>s sebou: dlabac\u00ed n\u00e1stroje, sklenice, n\u011bco na op\u00e9k\u00e1n\u00ed a&nbsp;k&nbsp;pit\u00ed&#8230;dobrou n\u00e1ladu a&nbsp;spousty n\u00e1pad\u016f.<\/p>\n<hr \/>\n<p>ned\u011ble 20.&nbsp;11. | 15:00 | kostel sv. V\u00edta<\/p>\n<h6>KONCERT &#8211; Nezlomn\u00e1 s\u00edla ducha<\/h6>\n<p>klav\u00edrn\u00ed trio SOLARIS 3, hraje L. v. Beethovena, J. Suka aj.<\/p>\n<hr \/>\n<p>p\u00e1tek 25.&nbsp;11. | 15:00\u201318:00h | Kotelna<\/p>\n<h6>v\u00fdtvarn\u00e1 d\u00edlna ADVENTN\u00cd<\/h6>\n<p>pro v\u0161echny z\u00e1jemce otev\u0159en\u00e1 v\u00fdtvarn\u00e1 d\u00edlna ADVENTN\u00cd<\/p>\n<ul>\n<li>zastaven\u00ed u&nbsp;tvo\u0159en\u00ed, plst\u011bn\u00ed, malov\u00e1n\u00ed<\/li>\n<li>materi\u00e1l a&nbsp;supervize zaji\u0161t\u011bna.<\/li>\n<li>Cena 200,- K\u010d<\/li>\n<\/ul>\n<hr \/>\n<p>ned\u011ble 27.&nbsp;11. | odpoledne | R\u00e1kos\u00ed<\/p>\n<h6>V\u00c1NO\u010cN\u00cd JARMARK<\/h6>\n<p>tradi\u010dn\u00ed V\u00c1NO\u010cN\u00cd JARMARK v&nbsp;R\u00e1kos\u00ed<\/p>\n<hr \/>\n<p>p\u00e1tek 16.&nbsp;12. | 15:00 &#8211; 18:00 | Kotelna<\/p>\n<h6>v\u00fdtvarn\u00e1 d\u00edlna V\u00c1NO\u010cN\u00cd<\/h6>\n<p>pro v\u0161echny z\u00e1jemce otev\u0159en\u00e1 v\u00fdtvarn\u00e1 d\u00edlna V\u00c1NO\u010cN\u00cd<\/p>\n<ul>\n<li>nejkr\u00e1sn\u011bj\u0161\u00ed ozdoby, nejkr\u00e1sn\u011bj\u0161\u00ed d\u00e1rky pod strome\u010dkem jsou ty, kter\u00e9 sami vyrob\u00edte jedno jak a&nbsp;z&nbsp;\u010deho hlavn\u011b n\u00e1padit\u011b a&nbsp;s&nbsp;l\u00e1skou.<\/li>\n<li>Cena 200,- K\u010d<\/li>\n<\/ul>\n<hr \/>\n<p>pond\u011bl\u00ed 19.12. | 16:00 &#8211; 18:00 | J\u00eddelna tuchom\u011b\u0159ick\u00e9ho kl\u00e1\u0161tera<\/p>\n<h6>V\u00e1no\u010dn\u00ed setk\u00e1n\u00ed<\/h6>\n<p>P\u0159ij\u010fte str\u00e1vit p\u0159\u00edjemn\u00e9 odpoledne. Na programu kr\u00e1tk\u00e9 uk\u00e1zky z&nbsp;aktivit jednotliv\u00fdch krou\u017ek\u016f, zp\u00edv\u00e1n\u00ed, tancov\u00e1n\u00ed, malov\u00e1n\u00ed, hry, ob\u010derstven\u00ed &#8230;<\/p>","protected":false},"excerpt":{"rendered":"<p>pond\u011bl\u00ed 19.&nbsp;9. | 18.00 | Kostel sv. V\u00edta Duchovn\u00ed koncert v&nbsp;kostele. V&nbsp;pond\u011bl\u00ed 19.&nbsp;9.&nbsp;od 18.&nbsp;hod. vystoup\u00ed v&nbsp;na\u0161em kostele sv.V\u00edta sopranistka souboru Musica cum gaudio Magdalena \u0160. Turchichov\u00e1 za doprovodu titul\u00e1rn\u00edho varhan\u00edka kostela Panny Marie Sn\u011b\u017en\u00e9 v&nbsp;Praze Martina \u0160m\u00edda. Na programu zazn\u00ed kant\u00e1ty p\u0159ev\u00e1\u017en\u011b italsk\u00fdch autor\u016f 2.&nbsp;pol 17.&nbsp;stolet\u00ed. p\u00e1tek 21.&nbsp;10. | 16:30\u201318:00 | Kotelna V\u00fdtvarn\u00e1 d\u00edlna [&hellip;]<\/p>","protected":false},"author":1,"featured_media":0,"parent":1736,"menu_order":0,"comment_status":"closed","ping_status":"closed","template":"main.php","meta":{"footnotes":""},"class_list":["post-1009","page","type-page","status-publish","hentry"],"_links":{"self":[{"href":"https:\/\/www.tuseni.cz\/index.php\/wp-json\/wp\/v2\/pages\/1009","targetHints":{"allow":["GET"]}}],"collection":[{"href":"https:\/\/www.tuseni.cz\/index.php\/wp-json\/wp\/v2\/pages"}],"about":[{"href":"https:\/\/www.tuseni.cz\/index.php\/wp-json\/wp\/v2\/types\/page"}],"author":[{"embeddable":true,"href":"https:\/\/www.tuseni.cz\/index.php\/wp-json\/wp\/v2\/users\/1"}],"replies":[{"embeddable":true,"href":"https:\/\/www.tuseni.cz\/index.php\/wp-json\/wp\/v2\/comments?post=1009"}],"version-history":[{"count":5,"href":"https:\/\/www.tuseni.cz\/index.php\/wp-json\/wp\/v2\/pages\/1009\/revisions"}],"predecessor-version":[{"id":1029,"href":"https:\/\/www.tuseni.cz\/index.php\/wp-json\/wp\/v2\/pages\/1009\/revisions\/1029"}],"up":[{"embeddable":true,"href":"https:\/\/www.tuseni.cz\/index.php\/wp-json\/wp\/v2\/pages\/1736"}],"wp:attachment":[{"href":"https:\/\/www.tuseni.cz\/index.php\/wp-json\/wp\/v2\/media?parent=1009"}],"curies":[{"name":"wp","href":"https:\/\/api.w.org\/{rel}","templated":true}]}}

<p>pondělí 19.&nbsp;9. | 18.00 | Kostel sv. Víta</p>
<h6>Duchovní koncert v&nbsp;kostele.</h6>
<p>V pondělí 19.&nbsp;9.&nbsp;od 18.&nbsp;hod. vystoupí v&nbsp;našem kostele sv.Víta sopranistka souboru Musica cum gaudio Magdalena Š. Turchichová za doprovodu titulárního varhaníka kostela Panny Marie Sněžné v&nbsp;Praze Martina Šmída. Na programu zazní kantáty převážně italských autorů 2.&nbsp;pol 17.&nbsp;století.</p>
<hr />
<p>pátek 21.&nbsp;10. | 16:30–18:00 | Kotelna</p>
<h6>Výtvarná dílna LAMPIONOVÁ</h6>
<p>pro všechny zájemce otevřená výtvarná dílna LAMPIONOVÁ – přijďte si vyrobit netradiční lampion, světlo pro vás vaše blízké.<br />
Nápaditý, barevný, hřejivý, legrační jaký budete chtít. Cena 100,- Kč</p>
<hr />
<p>sobota 22.10 | od 15:00 | Dýňoviště</p>
<h6>Slavnost světel, Dýňové odpoledne</h6>
<p>dlabání dýní, výroba světelných objektů, realizace světelných obrazců v&nbsp;planairu, oheň, odpoledne hry pro děti, noční dobrodružství<br />
program:</p>
<ul>
<li>15:00 na dýňovišti (link na mapičku) dlabání dýní, výroba lampionů a&nbsp;svícnů, světelných objektů, odpolední hra pro děti &#8211; les stínů</li>
<li>17:00 příprava  a&nbsp;instalace světelných obrazců v&nbsp;planairu</li>
<li>18:00  oheň  &#8211; noční dobrodružství</li>
</ul>
<p>s sebou: dlabací nástroje, sklenice, něco na opékání a&nbsp;k&nbsp;pití&#8230;dobrou náladu a&nbsp;spousty nápadů.</p>
<hr />
<p>neděle 20.&nbsp;11. | 15:00 | kostel sv. Víta</p>
<h6>KONCERT &#8211; Nezlomná síla ducha</h6>
<p>klavírní trio SOLARIS 3, hraje L. v. Beethovena, J. Suka aj.</p>
<hr />
<p>pátek 25.&nbsp;11. | 15:00–18:00h | Kotelna</p>
<h6>výtvarná dílna ADVENTNÍ</h6>
<p>pro všechny zájemce otevřená výtvarná dílna ADVENTNÍ</p>
<ul>
<li>zastavení u&nbsp;tvoření, plstění, malování</li>
<li>materiál a&nbsp;supervize zajištěna.</li>
<li>Cena 200,- Kč</li>
</ul>
<hr />
<p>neděle 27.&nbsp;11. | odpoledne | Rákosí</p>
<h6>VÁNOČNÍ JARMARK</h6>
<p>tradiční VÁNOČNÍ JARMARK v&nbsp;Rákosí</p>
<hr />
<p>pátek 16.&nbsp;12. | 15:00 &#8211; 18:00 | Kotelna</p>
<h6>výtvarná dílna VÁNOČNÍ</h6>
<p>pro všechny zájemce otevřená výtvarná dílna VÁNOČNÍ</p>
<ul>
<li>nejkrásnější ozdoby, nejkrásnější dárky pod stromečkem jsou ty, které sami vyrobíte jedno jak a&nbsp;z&nbsp;čeho hlavně nápaditě a&nbsp;s&nbsp;láskou.</li>
<li>Cena 200,- Kč</li>
</ul>
<hr />
<p>pondělí 19.12. | 16:00 &#8211; 18:00 | Jídelna tuchoměřického kláštera</p>
<h6>Vánoční setkání</h6>
<p>Přijďte strávit příjemné odpoledne. Na programu krátké ukázky z&nbsp;aktivit jednotlivých kroužků, zpívání, tancování, malování, hry, občerstvení &#8230;</p>

<p>pondělí 19.&nbsp;9. | 18.00 | Kostel sv. Víta Duchovní koncert v&nbsp;kostele. V&nbsp;pondělí 19.&nbsp;9.&nbsp;od 18.&nbsp;hod. vystoupí v&nbsp;našem kostele sv.Víta sopranistka souboru Musica cum gaudio Magdalena Š. Turchichová za doprovodu titulárního varhaníka kostela Panny Marie Sněžné v&nbsp;Praze Martina Šmída. Na programu zazní kantáty převážně italských autorů 2.&nbsp;pol 17.&nbsp;století. pátek 21.&nbsp;10. | 16:30–18:00 | Kotelna Výtvarná dílna [&hellip;]</p>
