
{"id":1879,"date":"2020-08-26T20:12:07","date_gmt":"2020-08-26T19:12:07","guid":{"rendered":"http:\/\/www.tuseni.cz\/?page_id=1879"},"modified":"2021-08-27T14:34:09","modified_gmt":"2021-08-27T13:34:09","slug":"kristyna-fialova","status":"publish","type":"page","link":"https:\/\/www.tuseni.cz\/index.php\/lektori\/kristyna-fialova\/","title":{"rendered":"Krist\u00fdna Fialov\u00e1"},"content":{"rendered":"<div class=\"wp-block-image\"><figure class=\"alignleft is-resized\"><img loading=\"lazy\" decoding=\"async\" src=\"http:\/\/www.tuseni.cz\/wp-content\/uploads\/2020\/08\/kristyna-fialova-1024x768.jpg\" alt=\"\" class=\"wp-image-1927\" width=\"381\" height=\"286\" srcset=\"https:\/\/www.tuseni.cz\/wp-content\/uploads\/2020\/08\/kristyna-fialova-1024x768.jpg 1024w, https:\/\/www.tuseni.cz\/wp-content\/uploads\/2020\/08\/kristyna-fialova-300x225.jpg 300w, https:\/\/www.tuseni.cz\/wp-content\/uploads\/2020\/08\/kristyna-fialova-768x576.jpg 768w, https:\/\/www.tuseni.cz\/wp-content\/uploads\/2020\/08\/kristyna-fialova-250x188.jpg 250w, https:\/\/www.tuseni.cz\/wp-content\/uploads\/2020\/08\/kristyna-fialova.jpg 1280w\" sizes=\"auto, (max-width: 381px) 100vw, 381px\" \/><\/figure><\/div>\n\n\n\n<p>Po absolvov\u00e1n\u00ed Filozofick\u00e9 fakulty vystudovala Krist\u00fdna obor \u201eUm\u011bleck\u00fd keramik\u201c v&nbsp;d\u00edln\u011b Franti\u0161ka \u0160vancara (SO\u0160 um\u011blecko\u0159emesln\u00e1). Vedle toho m\u00e1 za sebou dvoulet\u00fd kurz arteterapie u&nbsp;Mirka Huptycha a&nbsp;dvoulet\u00fd v\u00fdcvik \u201eLektor osobnostn\u00ed a&nbsp;soci\u00e1ln\u00ed v\u00fdchovy\u201c. Krom\u011b keramiky experimentuje tak\u00e9 s&nbsp;kamenosocha\u0159stv\u00edm. V&nbsp;sou\u010dasn\u00e9 dob\u011b se v\u011bnuje p\u0159edev\u0161\u00edm sv\u00e9mu mal\u00e9mu synovi Viktorovi a&nbsp;na \u010d\u00e1ste\u010dn\u00fd \u00favazek vede v\u00fdtvarn\u00fd ateli\u00e9r pro d\u011bti pro sdru\u017een\u00ed InB\u00e1ze. V&nbsp;Tuchom\u011b\u0159ic\u00edch bydl\u00ed od ledna 2020 a&nbsp;je naprosto nad\u0161en\u00e1.  <\/p>","protected":false},"excerpt":{"rendered":"<p>Po absolvov\u00e1n\u00ed Filozofick\u00e9 fakulty vystudovala Krist\u00fdna obor \u201eUm\u011bleck\u00fd keramik\u201c v&nbsp;d\u00edln\u011b Franti\u0161ka \u0160vancara (SO\u0160 um\u011blecko\u0159emesln\u00e1). Vedle toho m\u00e1 za sebou dvoulet\u00fd kurz arteterapie u&nbsp;Mirka Huptycha a&nbsp;dvoulet\u00fd v\u00fdcvik \u201eLektor osobnostn\u00ed a&nbsp;soci\u00e1ln\u00ed v\u00fdchovy\u201c. Krom\u011b keramiky experimentuje tak\u00e9 s&nbsp;kamenosocha\u0159stv\u00edm. V&nbsp;sou\u010dasn\u00e9 dob\u011b se v\u011bnuje p\u0159edev\u0161\u00edm sv\u00e9mu mal\u00e9mu synovi Viktorovi a&nbsp;na \u010d\u00e1ste\u010dn\u00fd \u00favazek vede v\u00fdtvarn\u00fd ateli\u00e9r pro d\u011bti pro sdru\u017een\u00ed InB\u00e1ze. [&hellip;]<\/p>","protected":false},"author":1,"featured_media":0,"parent":27,"menu_order":0,"comment_status":"closed","ping_status":"closed","template":"main.php","meta":{"footnotes":""},"class_list":["post-1879","page","type-page","status-publish","hentry"],"_links":{"self":[{"href":"https:\/\/www.tuseni.cz\/index.php\/wp-json\/wp\/v2\/pages\/1879","targetHints":{"allow":["GET"]}}],"collection":[{"href":"https:\/\/www.tuseni.cz\/index.php\/wp-json\/wp\/v2\/pages"}],"about":[{"href":"https:\/\/www.tuseni.cz\/index.php\/wp-json\/wp\/v2\/types\/page"}],"author":[{"embeddable":true,"href":"https:\/\/www.tuseni.cz\/index.php\/wp-json\/wp\/v2\/users\/1"}],"replies":[{"embeddable":true,"href":"https:\/\/www.tuseni.cz\/index.php\/wp-json\/wp\/v2\/comments?post=1879"}],"version-history":[{"count":7,"href":"https:\/\/www.tuseni.cz\/index.php\/wp-json\/wp\/v2\/pages\/1879\/revisions"}],"predecessor-version":[{"id":2465,"href":"https:\/\/www.tuseni.cz\/index.php\/wp-json\/wp\/v2\/pages\/1879\/revisions\/2465"}],"up":[{"embeddable":true,"href":"https:\/\/www.tuseni.cz\/index.php\/wp-json\/wp\/v2\/pages\/27"}],"wp:attachment":[{"href":"https:\/\/www.tuseni.cz\/index.php\/wp-json\/wp\/v2\/media?parent=1879"}],"curies":[{"name":"wp","href":"https:\/\/api.w.org\/{rel}","templated":true}]}}