
{"id":1889,"date":"2020-08-26T20:21:57","date_gmt":"2020-08-26T19:21:57","guid":{"rendered":"http:\/\/www.tuseni.cz\/?page_id=1889"},"modified":"2020-08-26T20:22:15","modified_gmt":"2020-08-26T19:22:15","slug":"dominika-prokopova","status":"publish","type":"page","link":"https:\/\/www.tuseni.cz\/index.php\/lektori\/dominika-prokopova\/","title":{"rendered":"Dominika Prokopov\u00e1"},"content":{"rendered":"<p><strong>divadeln\u00ed lektorka, absolventka Masarykovy univerzity v&nbsp;Brn\u011b a&nbsp;Katedry v\u00fdchovn\u00e9 dramatiky na DAMU v&nbsp;Praze. <\/strong><\/p>\n\n\n\n<p>V sou\u010dasn\u00e9 dob\u011b dokon\u010duje na t\u00e9to kated\u0159e magistersk\u00e9 studium a&nbsp;pracuje jako divadeln\u00ed lektorka v&nbsp;Divadle Lampion na Kladn\u011b. D\u00e1le spolupracuje jako lektorka s&nbsp;organizac\u00ed Post Bellum, \u010ceskou filharmoni\u00ed, FOK nebo Divadlem Na z\u00e1bradl\u00ed.  <\/p>","protected":false},"excerpt":{"rendered":"<p>divadeln\u00ed lektorka, absolventka Masarykovy univerzity v&nbsp;Brn\u011b a&nbsp;Katedry v\u00fdchovn\u00e9 dramatiky na DAMU v&nbsp;Praze. V&nbsp;sou\u010dasn\u00e9 dob\u011b dokon\u010duje na t\u00e9to kated\u0159e magistersk\u00e9 studium a&nbsp;pracuje jako divadeln\u00ed lektorka v&nbsp;Divadle Lampion na Kladn\u011b. D\u00e1le spolupracuje jako lektorka s&nbsp;organizac\u00ed Post Bellum, \u010ceskou filharmoni\u00ed, FOK nebo Divadlem Na z\u00e1bradl\u00ed.<\/p>","protected":false},"author":1,"featured_media":0,"parent":27,"menu_order":0,"comment_status":"closed","ping_status":"closed","template":"main.php","meta":{"footnotes":""},"class_list":["post-1889","page","type-page","status-publish","hentry"],"_links":{"self":[{"href":"https:\/\/www.tuseni.cz\/index.php\/wp-json\/wp\/v2\/pages\/1889","targetHints":{"allow":["GET"]}}],"collection":[{"href":"https:\/\/www.tuseni.cz\/index.php\/wp-json\/wp\/v2\/pages"}],"about":[{"href":"https:\/\/www.tuseni.cz\/index.php\/wp-json\/wp\/v2\/types\/page"}],"author":[{"embeddable":true,"href":"https:\/\/www.tuseni.cz\/index.php\/wp-json\/wp\/v2\/users\/1"}],"replies":[{"embeddable":true,"href":"https:\/\/www.tuseni.cz\/index.php\/wp-json\/wp\/v2\/comments?post=1889"}],"version-history":[{"count":1,"href":"https:\/\/www.tuseni.cz\/index.php\/wp-json\/wp\/v2\/pages\/1889\/revisions"}],"predecessor-version":[{"id":1890,"href":"https:\/\/www.tuseni.cz\/index.php\/wp-json\/wp\/v2\/pages\/1889\/revisions\/1890"}],"up":[{"embeddable":true,"href":"https:\/\/www.tuseni.cz\/index.php\/wp-json\/wp\/v2\/pages\/27"}],"wp:attachment":[{"href":"https:\/\/www.tuseni.cz\/index.php\/wp-json\/wp\/v2\/media?parent=1889"}],"curies":[{"name":"wp","href":"https:\/\/api.w.org\/{rel}","templated":true}]}}