
{"id":238,"date":"2016-08-20T17:24:05","date_gmt":"2016-08-20T16:24:05","guid":{"rendered":"http:\/\/www.tuseni.cz\/?page_id=238"},"modified":"2016-08-20T21:39:57","modified_gmt":"2016-08-20T20:39:57","slug":"veronika-kacianova","status":"publish","type":"page","link":"https:\/\/www.tuseni.cz\/index.php\/lektori\/veronika-kacianova\/","title":{"rendered":"BcA. Veronika Kacianov\u00e1"},"content":{"rendered":"<p>12.&nbsp;10.&nbsp;1980 Pardubice\/Czech Republic<\/p>\n<p>Vzd\u011bl\u00e1n\u00ed<\/p>\n<ul>\n<li>2004\u20132007 HAMU \/Tane\u010dn\u00ed v\u011bda BcA\/<\/li>\n<li>2001\u20132002 Folkwang University of the Arts\/Dance (Essen; Germany)<\/li>\n<li>1996\u20132002 Konzervato\u0159 Duncan Centre Praha \/DiS\/<\/li>\n<li>1995\u20131996 Akademick\u00e9 Gymn\u00e1zium Brno<\/li>\n<\/ul>\n<p>Pedagogick\u00e1 \u010dinnost<\/p>\n<ul>\n<li>2004\u20132010 Konzervato\u0159 Duncan Centre \u2013 technika Duncan a&nbsp;konzultantka tvorby<\/li>\n<li>2008 Anadolu University in Eskisehir Turkey\/Europe Arts Networking for intercultural Dialogue\/DIRECTLINK\/Santralistambul\/\u00a0\u2013 technika Duncan a&nbsp;tane\u010dn\u00ed tvorba<\/li>\n<li>od roku 2002\u00a0 CH ZU\u0160 Harmonie (tane\u010dn\u00ed odd\u011blen\u00ed)<\/li>\n<li>2002\u20132004 tane\u010dn\u00ed pr\u016fprava modern\u00edch gymnastek<\/li>\n<li>2001\u20132010\u00a0 tane\u010dn\u00ed Studio Duncan Centre<\/li>\n<\/ul>\n<p>Vlastn\u00ed tvorba<\/p>\n<ul>\n<li>2012 Adam<\/li>\n<li>2011 Hry<\/li>\n<li>Setk\u00e1me se &#8211; improvizace tanec-hudba<\/li>\n<li>2010 &#8230;Dialog Zvuku a&nbsp;Pohybu&#8230; pohybov\u00e1 interpretace skladeb T. P\u00e1lky (Divadlo Duncan Centre)<\/li>\n<li>2009 \u0160pal\u00ed\u010dek Bohuslava Martin\u016f- asistentka choreografie (Praha Kongresov\u00e9 Centrum)<\/li>\n<li>Svoji violu jsem naladil co nejhloub\u011bji (Pra\u017esk\u00e9 premi\u00e9ry\/ Rudolfinum)<\/li>\n<li>2008 VZDECH- pohybov\u00e1 spolupr\u00e1ce na klauzurn\u00ed pr\u00e1ci M. Str\u00e1nsk\u00e9 (sc\u00e9nografie DAMU)<\/li>\n<li>2007 Musss- pohybov\u00e1 spolupr\u00e1ce divadlo Filigr\u00e1n<\/li>\n<li>2002 Hleda\u010d\u016fm poklad\u016f (Divadlo Duncan Centre\/ IT\u2019S Festival Amsterodam)<\/li>\n<\/ul>\n<p>Interpretace<\/p>\n<ul>\n<li>2015 TADY A&nbsp;TE\u010e (strukturovan\u00e1 tane\u010dn\u00ed improvizace na socha\u0159sk\u00e9 d\u00edlo V\u00e1clava C\u00edglera v&nbsp;zahrad\u011b Trojsk\u00e9ho z\u00e1me\u010dku)<\/li>\n<li>2013 Barevn\u00fd impresionismus (koncert Pra\u017esk\u00e9 komorn\u00ed filharmonie)<\/li>\n<li>2012 \u010carokraj- rodinn\u00e1 opern\u00ed expedice Marka Ivanovi\u010de; P. Forman (N\u00e1rodn\u00ed Divadlo Praha; nastudov\u00e1n\u00ed pro Jan\u00e1\u010dkovo divadlo Brno sez\u00f3ny 2014- 2016)<\/li>\n<li>2010 Hra pozp\u00e1tku- J. Man\u010du\u0161ka\/P. Hauerov\u00e1 (HAU2 Berlin\/Divadlo Archa)<\/li>\n<li>Trojjazz &#8211; O. Lipovsk\u00fd (festival Next Wave)<\/li>\n<li>2009 \u0160pal\u00ed\u010dek- E. Bla\u017e\u00ed\u010dkov\u00e1 (<\/li>\n<li>2007 Dob\u0159e placen\u00e1 proch\u00e1zka- M. Forman\/ P. Forman\/ V. \u0160v\u00e1bov\u00e1 (N\u00e1rodn\u00ed Divadlo Praha\/Palau de les Arts Reina Sof\u00eda Valencie.)<\/li>\n<li>2006 AriaD.N.A.- K. Celbov\u00e1 (Divadlo Ponec\/<\/li>\n<li>2005 TuringMachine- P.Hauerov\u00e1\/TOW (Divadlo Ponec)<\/li>\n<li>S k\u016f\u017e\u00ed na trh &#8211; J. L\u00e1talov\u00e1\/ M. Trpi\u0161ovsk\u00e1 (Divadlo Duncan Centre\/Johannesburg)<\/li>\n<li>\u0160petka v\u011b\u010dnosti nav\u00edc- J. L\u00e1talov\u00e1<\/li>\n<li>2004 M\u00edstnost H- K. Celbov\u00e1 (Divadlo Ponec\/ DanceEurope Tel Aviv)<\/li>\n<li>2003 Buben z&nbsp;Nangnangu- r. Ho Shi (Divadlo Ponec)Ho Shin<\/li>\n<li>2002 TheOthersWindows- P. Hauerov\u00e1\/ TOW (Divadlo Ponec)<\/li>\n<li>Tetel &#8211; K. Bokov\u00e1 (Divadlo Duncan Centre)<\/li>\n<li>2001 Vzkaz odesl\u00e1n- J. L\u00e1talov\u00e1 (Divadlo Duncan Centr\/ IT\u02c7S festival Amsterodam)<\/li>\n<li>File Behind the Mirror- L. Le Quesne (Divadlo Duncan Centre)<\/li>\n<\/ul>\n<p>Pohybov\u00e1 spolupr\u00e1ce<\/p>\n<ul>\n<li>2015 Mezi n\u00e1mi (Autorsk\u00e9, interaktivn\u00ed, tane\u010dn\u011b-pohybov\u00e9 a&nbsp;vizu\u00e1ln\u00ed p\u0159edstaven\u00ed<br \/>\npro p\u011bt interpret\u016f, loutku a&nbsp;dva hudebn\u00edky; re\u017eie- Hana Strej\u010dkov\u00e1)<\/li>\n<\/ul>","protected":false},"excerpt":{"rendered":"<p>12.&nbsp;10.&nbsp;1980 Pardubice\/Czech Republic Vzd\u011bl\u00e1n\u00ed 2004\u20132007 HAMU \/Tane\u010dn\u00ed v\u011bda BcA\/ 2001\u20132002 Folkwang University of the Arts\/Dance (Essen; Germany) 1996\u20132002 Konzervato\u0159 Duncan Centre Praha \/DiS\/ 1995\u20131996 Akademick\u00e9 Gymn\u00e1zium Brno Pedagogick\u00e1 \u010dinnost 2004\u20132010 Konzervato\u0159 Duncan Centre \u2013 technika Duncan a&nbsp;konzultantka tvorby 2008 Anadolu University in Eskisehir Turkey\/Europe Arts Networking for intercultural Dialogue\/DIRECTLINK\/Santralistambul\/\u00a0\u2013 technika Duncan a&nbsp;tane\u010dn\u00ed tvorba od roku [&hellip;]<\/p>","protected":false},"author":1,"featured_media":0,"parent":27,"menu_order":0,"comment_status":"closed","ping_status":"closed","template":"main.php","meta":{"footnotes":""},"class_list":["post-238","page","type-page","status-publish","hentry"],"_links":{"self":[{"href":"https:\/\/www.tuseni.cz\/index.php\/wp-json\/wp\/v2\/pages\/238","targetHints":{"allow":["GET"]}}],"collection":[{"href":"https:\/\/www.tuseni.cz\/index.php\/wp-json\/wp\/v2\/pages"}],"about":[{"href":"https:\/\/www.tuseni.cz\/index.php\/wp-json\/wp\/v2\/types\/page"}],"author":[{"embeddable":true,"href":"https:\/\/www.tuseni.cz\/index.php\/wp-json\/wp\/v2\/users\/1"}],"replies":[{"embeddable":true,"href":"https:\/\/www.tuseni.cz\/index.php\/wp-json\/wp\/v2\/comments?post=238"}],"version-history":[{"count":4,"href":"https:\/\/www.tuseni.cz\/index.php\/wp-json\/wp\/v2\/pages\/238\/revisions"}],"predecessor-version":[{"id":275,"href":"https:\/\/www.tuseni.cz\/index.php\/wp-json\/wp\/v2\/pages\/238\/revisions\/275"}],"up":[{"embeddable":true,"href":"https:\/\/www.tuseni.cz\/index.php\/wp-json\/wp\/v2\/pages\/27"}],"wp:attachment":[{"href":"https:\/\/www.tuseni.cz\/index.php\/wp-json\/wp\/v2\/media?parent=238"}],"curies":[{"name":"wp","href":"https:\/\/api.w.org\/{rel}","templated":true}]}}