
{"id":2478,"date":"2021-08-27T14:55:31","date_gmt":"2021-08-27T13:55:31","guid":{"rendered":"https:\/\/www.tuseni.cz\/?page_id=2478"},"modified":"2021-08-27T14:56:23","modified_gmt":"2021-08-27T13:56:23","slug":"jaja-miskova","status":"publish","type":"page","link":"https:\/\/www.tuseni.cz\/index.php\/lektori\/jaja-miskova\/","title":{"rendered":"J\u00e1ja M\u00ed\u0161kov\u00e1"},"content":{"rendered":"<div class=\"wp-block-image is-style-default\"><figure class=\"alignleft size-large is-resized\"><a href=\"https:\/\/www.tuseni.cz\/wp-content\/uploads\/2021\/08\/20210727_173413.jpg\"><img loading=\"lazy\" decoding=\"async\" src=\"https:\/\/www.tuseni.cz\/wp-content\/uploads\/2021\/08\/20210727_173413-768x1024.jpg\" alt=\"\" class=\"wp-image-2479\" width=\"276\" height=\"368\" srcset=\"https:\/\/www.tuseni.cz\/wp-content\/uploads\/2021\/08\/20210727_173413-768x1024.jpg 768w, https:\/\/www.tuseni.cz\/wp-content\/uploads\/2021\/08\/20210727_173413-225x300.jpg 225w, https:\/\/www.tuseni.cz\/wp-content\/uploads\/2021\/08\/20210727_173413-1152x1536.jpg 1152w, https:\/\/www.tuseni.cz\/wp-content\/uploads\/2021\/08\/20210727_173413-250x333.jpg 250w, https:\/\/www.tuseni.cz\/wp-content\/uploads\/2021\/08\/20210727_173413.jpg 1500w\" sizes=\"auto, (max-width: 276px) 100vw, 276px\" \/><\/a><\/figure><\/div>\n\n\n\n<p>Jaroslava M\u00ed\u0161kov\u00e1, DiS. Vystudovala konzervato\u0159 a&nbsp;ladi\u010dskou \u0161kolu Jana Deyla v&nbsp;Praze (obor p\u0159\u00ed\u010dn\u00e1 fl\u00e9tna, klasick\u00e1 kytara)<br>Hudebn\u00ed a&nbsp;pedagogick\u00e1 praxe : Od roku 2002 do sou\u010dasnosti pracuje jako u\u010ditelka hry na p\u0159\u00ed\u010dnou fl\u00e9tnu a&nbsp;kytaru na ZU\u0160 v&nbsp;Kralupech nad Vltavou.<br>D\u0159\u00edve p\u016fsobila na ZU\u0160 Milady Masarykov\u00e9 na Veleslav\u00edn\u011b a&nbsp;ZU\u0160 Unho\u0161\u0165. Pedagogickou praxi s&nbsp;mal\u00fdmi d\u011btmi (mimo ZU\u0160) si t\u00e9\u017e roz\u0161\u00ed\u0159ila jako asistentka v&nbsp;M\u0160 St\u0159edokluky. V&nbsp;sou\u010dasnosti je t\u00e9\u017e aktivn\u00ed \u010dlenkou fl\u00e9tnov\u00e9ho souboru Magistri pod veden\u00edm MgA. Magdaleny B\u00edlkov\u00e9 T\u016fmov\u00e9.<\/p>","protected":false},"excerpt":{"rendered":"<p>Jaroslava M\u00ed\u0161kov\u00e1, DiS. Vystudovala konzervato\u0159 a&nbsp;ladi\u010dskou \u0161kolu Jana Deyla v&nbsp;Praze (obor p\u0159\u00ed\u010dn\u00e1 fl\u00e9tna, klasick\u00e1 kytara)Hudebn\u00ed a&nbsp;pedagogick\u00e1 praxe : Od roku 2002 do sou\u010dasnosti pracuje jako u\u010ditelka hry na p\u0159\u00ed\u010dnou fl\u00e9tnu a&nbsp;kytaru na ZU\u0160 v&nbsp;Kralupech nad Vltavou.D\u0159\u00edve p\u016fsobila na ZU\u0160 Milady Masarykov\u00e9 na Veleslav\u00edn\u011b a&nbsp;ZU\u0160 Unho\u0161\u0165. Pedagogickou praxi s&nbsp;mal\u00fdmi d\u011btmi (mimo ZU\u0160) si t\u00e9\u017e roz\u0161\u00ed\u0159ila jako [&hellip;]<\/p>","protected":false},"author":1,"featured_media":0,"parent":27,"menu_order":0,"comment_status":"closed","ping_status":"closed","template":"main.php","meta":{"footnotes":""},"class_list":["post-2478","page","type-page","status-publish","hentry"],"_links":{"self":[{"href":"https:\/\/www.tuseni.cz\/index.php\/wp-json\/wp\/v2\/pages\/2478","targetHints":{"allow":["GET"]}}],"collection":[{"href":"https:\/\/www.tuseni.cz\/index.php\/wp-json\/wp\/v2\/pages"}],"about":[{"href":"https:\/\/www.tuseni.cz\/index.php\/wp-json\/wp\/v2\/types\/page"}],"author":[{"embeddable":true,"href":"https:\/\/www.tuseni.cz\/index.php\/wp-json\/wp\/v2\/users\/1"}],"replies":[{"embeddable":true,"href":"https:\/\/www.tuseni.cz\/index.php\/wp-json\/wp\/v2\/comments?post=2478"}],"version-history":[{"count":2,"href":"https:\/\/www.tuseni.cz\/index.php\/wp-json\/wp\/v2\/pages\/2478\/revisions"}],"predecessor-version":[{"id":2482,"href":"https:\/\/www.tuseni.cz\/index.php\/wp-json\/wp\/v2\/pages\/2478\/revisions\/2482"}],"up":[{"embeddable":true,"href":"https:\/\/www.tuseni.cz\/index.php\/wp-json\/wp\/v2\/pages\/27"}],"wp:attachment":[{"href":"https:\/\/www.tuseni.cz\/index.php\/wp-json\/wp\/v2\/media?parent=2478"}],"curies":[{"name":"wp","href":"https:\/\/api.w.org\/{rel}","templated":true}]}}

Jája Míšková

<div class="wp-block-image is-style-default"><figure class="alignleft size-large is-resized"><a href="https://www.tuseni.cz/wp-content/uploads/2021/08/20210727_173413.jpg"><img loading="lazy" decoding="async" src="https://www.tuseni.cz/wp-content/uploads/2021/08/20210727_173413-768x1024.jpg" alt="" class="wp-image-2479" width="276" height="368" srcset="https://www.tuseni.cz/wp-content/uploads/2021/08/20210727_173413-768x1024.jpg 768w, https://www.tuseni.cz/wp-content/uploads/2021/08/20210727_173413-225x300.jpg 225w, https://www.tuseni.cz/wp-content/uploads/2021/08/20210727_173413-1152x1536.jpg 1152w, https://www.tuseni.cz/wp-content/uploads/2021/08/20210727_173413-250x333.jpg 250w, https://www.tuseni.cz/wp-content/uploads/2021/08/20210727_173413.jpg 1500w" sizes="auto, (max-width: 276px) 100vw, 276px" /></a></figure></div>



<p>Jaroslava Míšková, DiS. Vystudovala konzervatoř a&nbsp;ladičskou školu Jana Deyla v&nbsp;Praze (obor příčná flétna, klasická kytara)<br>Hudební a&nbsp;pedagogická praxe : Od roku 2002 do současnosti pracuje jako učitelka hry na příčnou flétnu a&nbsp;kytaru na ZUŠ v&nbsp;Kralupech nad Vltavou.<br>Dříve působila na ZUŠ Milady Masarykové na Veleslavíně a&nbsp;ZUŠ Unhošť. Pedagogickou praxi s&nbsp;malými dětmi (mimo ZUŠ) si též rozšířila jako asistentka v&nbsp;MŠ Středokluky. V&nbsp;současnosti je též aktivní členkou flétnového souboru Magistri pod vedením MgA. Magdaleny Bílkové Tůmové.</p>

<p>Jaroslava Míšková, DiS. Vystudovala konzervatoř a&nbsp;ladičskou školu Jana Deyla v&nbsp;Praze (obor příčná flétna, klasická kytara)Hudební a&nbsp;pedagogická praxe : Od roku 2002 do současnosti pracuje jako učitelka hry na příčnou flétnu a&nbsp;kytaru na ZUŠ v&nbsp;Kralupech nad Vltavou.Dříve působila na ZUŠ Milady Masarykové na Veleslavíně a&nbsp;ZUŠ Unhošť. Pedagogickou praxi s&nbsp;malými dětmi (mimo ZUŠ) si též rozšířila jako [&hellip;]</p>
