
{"id":2491,"date":"2021-08-27T15:08:21","date_gmt":"2021-08-27T14:08:21","guid":{"rendered":"https:\/\/www.tuseni.cz\/?page_id=2491"},"modified":"2021-08-29T09:15:51","modified_gmt":"2021-08-29T08:15:51","slug":"barbora-ptackova","status":"publish","type":"page","link":"https:\/\/www.tuseni.cz\/index.php\/lektori\/barbora-ptackova\/","title":{"rendered":"Barbora Pt\u00e1\u010dkov\u00e1"},"content":{"rendered":"<div class=\"wp-block-image is-style-default\"><figure class=\"alignright size-large is-resized\"><a href=\"https:\/\/www.tuseni.cz\/wp-content\/uploads\/2021\/08\/IMG_20210728_160952.jpg\"><img loading=\"lazy\" decoding=\"async\" src=\"https:\/\/www.tuseni.cz\/wp-content\/uploads\/2021\/08\/IMG_20210728_160952-768x1024.jpg\" alt=\"\" class=\"wp-image-2508\" width=\"292\" height=\"389\" srcset=\"https:\/\/www.tuseni.cz\/wp-content\/uploads\/2021\/08\/IMG_20210728_160952-768x1024.jpg 768w, https:\/\/www.tuseni.cz\/wp-content\/uploads\/2021\/08\/IMG_20210728_160952-225x300.jpg 225w, https:\/\/www.tuseni.cz\/wp-content\/uploads\/2021\/08\/IMG_20210728_160952-1152x1536.jpg 1152w, https:\/\/www.tuseni.cz\/wp-content\/uploads\/2021\/08\/IMG_20210728_160952-250x333.jpg 250w, https:\/\/www.tuseni.cz\/wp-content\/uploads\/2021\/08\/IMG_20210728_160952.jpg 1500w\" sizes=\"auto, (max-width: 292px) 100vw, 292px\" \/><\/a><\/figure><\/div>\n\n\n\n<p><strong>Vzd\u011bl\u00e1n\u00ed:<\/strong><\/p>\n\n\n\n<ul class=\"wp-block-list\"><li>2006 &#8211; 2015 Z\u00e1kladn\u00ed vzd\u011bl\u00e1n\u00ed, Z\u0160 Sezemice<\/li><li>2015 &#8211; 2021 Konzervato\u0159 Duncan centre, Praha<\/li><li>2020 St\u00e1\u017e &#8211; University of Malta<\/li><li>2019 Maturitn\u00ed zkou\u0161ka, Konzervato\u0159 Duncan centre<\/li><li>2021 Absolventsk\u00e1 zkou\u0161ka, Konzervato\u0159 Duncan centre<\/li><\/ul>\n\n\n\n<p><strong>\u00da\u010dast na workshopech:<\/strong><\/p>\n\n\n\n<p>Limon tane\u010dn\u00ed technika &#8211; Joe Alegado , Sou\u010dasn\u00e1 tane\u010dn\u00ed technika &#8211; Marco Torrice, Body Action &#8211; Francisco Cordova, Sou\u010dasn\u00e1 technika &#8211; Tina Breiova, Fighting Monkey &#8211; Jakub Zeman a&nbsp;Eli\u0161ka Bene\u0161ov\u00e1, Sou\u010dasn\u00e1 technika &#8211; Peter Ja\u0161ko, Feldenkrais metoda a&nbsp;sou\u010dasn\u00e1 technika &#8211; Teri Jeanette Weikel, Continnum &#8211; Omar Carrum, Vladimir Rodriguez, Sou\u010dasn\u00e1 technika &#8211; Luc Dunberry, Sou\u010dasn\u00e1 technika a&nbsp;improvizace &#8211; Ji\u0159\u00ed Bartovanec, Improvizace &#8211; Mark\u00e9ta Vacovsk\u00e1, Workshop Light Design \u2013 Pavel Kotl\u00edk, Workshop pr\u00e1ce se zvukem \u2013 Jan Burian<\/p>\n\n\n\n<p><strong>\u00da\u010dast v&nbsp;projektech:<\/strong><\/p>\n\n\n\n<ul class=\"wp-block-list\"><li><em>Ostrov de Forma \u2013 <\/em>SHARE festival v&nbsp;Makedonii, performer, chor. Marta Trpi\u0161ovsk\u00e1- Vodenkov\u00e1<\/li><li><em>\u017den- Sch\u00f6n \u2212 <\/em>otev\u00edr\u00e1n\u00ed divadla Ponec, performer, chor. Marta Trpi\u0161ovsk\u00e1- Vodenkov\u00e1<\/li><li><em>Zah\u00e1jen\u00ed festivalu Pra\u017esk\u00e9 Quadriennale<\/em> \u2013 performer<\/li><li><em>Mikrotrauma \u2013 <\/em>Festival brat\u0159\u00ed Forman\u016f- ARENA \u2013 performer, chor. \u017daneta Musilov\u00e1<\/li><li><em>Oslava v\u00fdro\u010d\u00ed \u010dasopisu Artikl<\/em> \u2013 site- specific v&nbsp;galerii GASK, performer<\/li><li><em>Nezlomn\u00ed<\/em> \u2013 site-specific v&nbsp;galerii v&nbsp;Obecn\u00edm dom\u011b, performer<\/li><li><em>Slavnost<\/em> \u2013 performer, chor. Michal Z\u00e1hora<\/li><li><em>Lux Aeterna<\/em> \u2013 divadlo DISK, performer, chor. Nikola N\u011bmcov\u00e1<\/li><li><em>Kreatur <\/em>\u2013\u0161koln\u00ed vzd\u011bl\u00e1vac\u00ed projekt pod veden\u00edm Ji\u0159\u00edho Bartovance \u2013 nastudovan\u00ed choreografie Sashy Waltz <em>Kreatur<\/em><\/li><li><em>Stopy zbloudil\u00fdch<\/em> \u2013 performer, divadeln\u00ed p\u0159edstaven\u00ed, re\u017eie Miroslav Bambu\u0161ek<\/li><\/ul>\n\n\n\n<p><strong>Autorsk\u00e1 tvorba:<\/strong><\/p>\n\n\n\n<ul class=\"wp-block-list\"><li><em>K&nbsp;Tob\u011b<\/em> \u2013 maturitn\u00ed p\u0159edstaven\u00ed, tane\u010dn\u00edk a&nbsp;choreograf<\/li><li><em>M\u00fdtina<\/em> \u2013 filmov\u00e9 zpracov\u00e1n\u00ed absolventsk\u00e9 choreografie, tane\u010dn\u00edk a&nbsp;choreograf<\/li><\/ul>\n\n\n\n<p><\/p>","protected":false},"excerpt":{"rendered":"<p>Vzd\u011bl\u00e1n\u00ed: 2006 &#8211; 2015 Z\u00e1kladn\u00ed vzd\u011bl\u00e1n\u00ed, Z\u0160 Sezemice 2015 &#8211; 2021 Konzervato\u0159 Duncan centre, Praha 2020 St\u00e1\u017e &#8211; University of Malta 2019 Maturitn\u00ed zkou\u0161ka, Konzervato\u0159 Duncan centre 2021 Absolventsk\u00e1 zkou\u0161ka, Konzervato\u0159 Duncan centre \u00da\u010dast na workshopech: Limon tane\u010dn\u00ed technika &#8211; Joe Alegado , Sou\u010dasn\u00e1 tane\u010dn\u00ed technika &#8211; Marco Torrice, Body Action &#8211; Francisco Cordova, Sou\u010dasn\u00e1 [&hellip;]<\/p>","protected":false},"author":1,"featured_media":0,"parent":27,"menu_order":0,"comment_status":"closed","ping_status":"closed","template":"main.php","meta":{"footnotes":""},"class_list":["post-2491","page","type-page","status-publish","hentry"],"_links":{"self":[{"href":"https:\/\/www.tuseni.cz\/index.php\/wp-json\/wp\/v2\/pages\/2491","targetHints":{"allow":["GET"]}}],"collection":[{"href":"https:\/\/www.tuseni.cz\/index.php\/wp-json\/wp\/v2\/pages"}],"about":[{"href":"https:\/\/www.tuseni.cz\/index.php\/wp-json\/wp\/v2\/types\/page"}],"author":[{"embeddable":true,"href":"https:\/\/www.tuseni.cz\/index.php\/wp-json\/wp\/v2\/users\/1"}],"replies":[{"embeddable":true,"href":"https:\/\/www.tuseni.cz\/index.php\/wp-json\/wp\/v2\/comments?post=2491"}],"version-history":[{"count":2,"href":"https:\/\/www.tuseni.cz\/index.php\/wp-json\/wp\/v2\/pages\/2491\/revisions"}],"predecessor-version":[{"id":2509,"href":"https:\/\/www.tuseni.cz\/index.php\/wp-json\/wp\/v2\/pages\/2491\/revisions\/2509"}],"up":[{"embeddable":true,"href":"https:\/\/www.tuseni.cz\/index.php\/wp-json\/wp\/v2\/pages\/27"}],"wp:attachment":[{"href":"https:\/\/www.tuseni.cz\/index.php\/wp-json\/wp\/v2\/media?parent=2491"}],"curies":[{"name":"wp","href":"https:\/\/api.w.org\/{rel}","templated":true}]}}