
{"id":27,"date":"2015-11-02T07:23:36","date_gmt":"2015-11-02T06:23:36","guid":{"rendered":"http:\/\/www.tuseni.cz\/?page_id=27"},"modified":"2023-08-29T11:24:26","modified_gmt":"2023-08-29T10:24:26","slug":"lektori","status":"publish","type":"page","link":"https:\/\/www.tuseni.cz\/index.php\/lektori\/","title":{"rendered":"Lekto\u0159i"},"content":{"rendered":"<div class=\"lektor\">\n<h4 style=\"color: #ff6b00;\"><a href=\"http:\/\/www.tuseni.cz\/index.php\/lektori\/kristof-abrath\/\">Kristof Abrath<\/a><\/h4>\n<p>Angli\u010dtina<br>e-mail: <a href=\"mailto:kristofabrath@yahoo.com\">kristofabrath@yahoo.com<\/a><br>tel: <\/p>\n<\/div>\n\n\n\n<div class=\"lektor\">\n<h4 style=\"color: #ff6b00;\"><a href=\"http:\/\/www.tuseni.cz\/index.php\/lektori\/marketa-abrath\/\">Mark\u00e9ta Abrath<\/a><\/h4>\n<p>Duhov\u00e1 j\u00f3ga<br>e-mail: <a href=\"mailto:maarlanc@gmail.com\">maarlanc@gmail.com<\/a><br>tel: <\/p>\n<\/div>\n\n\n\n<div class=\"lektor\">\n<h4 style=\"color: #ff6b00;\">Renata B\u00e1rtov\u00e1<\/h4>\n<p>Pilates<br>\ne-mail: <a href=\"mailto:RenataBartova@seznam.cz\">RenataBartova@seznam.cz<\/a><br>\ntel: 602&nbsp;395&nbsp;208<\/p>\n<\/div>\n\n\n\n<div class=\"lektor\">\n<h4 style=\"color: #ff6b00;\"><a href=\"http:\/\/www.tuseni.cz\/index.php\/lektori\/galyna-baziv\/\">Galyna Baziv<\/a> <\/h4>\n<p>Angli\u010dtina<br>\ne-mail: <a href=\"mailto:baziv@seznam.cz\">baziv@seznam.cz<\/a><br>\ntel: 774&nbsp;207&nbsp;872<\/p>\n<\/div>\n\n\n\n<div class=\"lektor\">\n<h4 style=\"color: #ff6b00;\"><a href=\"http:\/\/www.tuseni.cz\/index.php\/lektori\/kristyna-fialova\/\">Krist\u00fdna Fialov\u00e1<\/a><\/h4>\n<p>Kr\u00e1sn\u00e1 hl\u00edna <br>\ne-mail: <a href=\"mailto:Kristyna.F@seznam.cz\">Kristyna.F@seznam.cz<\/a><br>tel.:<\/p>\n<\/div>\n\n\n\n<div class=\"lektor\">\n<h4 style=\"color: #ff6b00;\"><a href=\"http:\/\/www.tuseni.cz\/index.php\/lektori\/svetlana-friga\/\">Sv\u011btlana Friga<\/a><\/h4>\n<p>Kr\u00e1sn\u00e1 hl\u00edna <br>\ne-mail: <a href=\"mailto:Tel775371733@gmail.com\">Tel775371733@gmail.com<\/a><br>tel.:<\/p>\n<\/div>\n\n\n\n<div class=\"lektor\">\n<h4><a href=\"http:\/\/www.tuseni.cz\/index.php\/lektori\/veronika-kacianova\/\">BcA. Veronika Kacianov\u00e1<\/a><\/h4>\n<p>Pohybov\u00e1 studia<br>e-mail: <a href=\"mailto:kacian@volny.cz\">kacian@volny.cz<\/a><br>tel: 728&nbsp;217&nbsp;729<\/p>\n<\/div>\n\n\n\n<div class=\"lektor\">\n<h4 style=\"color: #ff6b00;\"><a href=\"http:\/\/www.tuseni.cz\/index.php\/lektori\/klara-kasova\/\">Kl\u00e1ra Ka\u0161ov\u00e1<\/a><\/h4>\n<p>D.ATEL<br>\ne-mail: <a href=\"mailto:klara@pokrok.org\">klara@pokrok.org<\/a><br>tel: <\/p>\n<\/div>\n\n\n\n<div class=\"lektor\">\n<h4 style=\"color: #ff6b00;\">Anna Kroupov\u00e1<\/a><\/h4>\n<p>Balet a&nbsp;Ta.Banda<br>\ne-mail: <a href=\"\"><\/a><br>tel: <\/p>\n<\/div>\n\n\n\n<div class=\"lektor\">\n<h4 style=\"color: #ff6b00;\">Petra Lorenzov\u00e1<\/h4>\n<p>Kung-fu<br>\ne-mail: <a href=\"mailto:petra.lorenzova@outlook.cz\">petra.lorenzova@outlook.cz<\/a><br>\ntel: 606&nbsp;582&nbsp;848<\/p>\n<\/div>\n\n\n\n<div class=\"lektor\">\n<h4 style=\"color: #ff6b00;\">Kate\u0159ina Markov\u00e1<\/a><\/h4>\n<p>Ital\u0161tina, Joga pro dosp\u011bl\u00e9<br>\ne-mail: <a href=\"mailto:kraabice@gmail.com\">kraabice@gmail.com<\/a><br>tel: <\/p>\n<\/div>\n\n\n\n<div class=\"lektor\">\n<h4 style=\"color: #ff6b00;\"><a href=\"http:\/\/www.tuseni.cz\/index.php\/lektori\/anezka-matouskova\/\">Ane\u017eka Matou\u0161kov\u00e1<\/a><\/h4>\n<p>Kytara <br>\ne-mail: <a href=\"mailto:matouskovaanezka@seznam.cz\">matouskovaanezka@seznam.cz<\/a><br>tel: <\/p>\n<\/div>\n\n\n\n<div class=\"lektor\">\n<h4 style=\"color: #ff6b00;\"><a href=\"http:\/\/www.tuseni.cz\/index.php\/lektori\/jaja-miskova\/\">J\u00e1ja M\u00ed\u0161kov\u00e1 <\/a><\/h4>\n<p>Vesel\u00e9 p\u00edsk\u00e1n\u00ed<br>\ne-mail: <a href=\"mailto:Jaja.kov@seznam.cz\">Jaja.kov@seznam.cz<\/a><br>tel: <\/p>\n<\/div>\n\n\n\n<div class=\"lektor\">\n<h4 style=\"color: #ff6b00;\">Kate\u0159ina Mol\u010d\u00edkov\u00e1<\/h4>\n<p>Kytara <br>e-mail: <a href=\"mailto:kacamolca@seznam.cz\">kacamolca@seznam.cz<\/a><br>\ntel: 734&nbsp;835&nbsp;999<\/p>\n<\/div>\n\n\n\n<div class=\"lektor\">\n<h4 style=\"color: #ff6b00;\"><a href=\"http:\/\/www.tuseni.cz\/index.php\/lektori\/zaneta-musilova\/\">\u017daneta Musilov\u00e1<\/a><\/h4>\n<p>Balet, Ta.Banda<br>e-mail: <a href=\"mailto:zanet3.mus@seznam.cz\">zanet3.mus@seznam.cz<\/a><br>\ntel: <\/p>\n<\/div>\n\n\n\n<div class=\"lektor\">\n<h4 style=\"color: #ff6b00;\"><a href=\"http:\/\/www.tuseni.cz\/index.php\/lektori\/magdalena-nejedla\/\">Magdal\u00e9na Nejedl\u00e1<\/a><\/h4>\n<p>D.ATEL<br>\ne-mail: <a href=\"mailto:nejedla.magdalena@gmail.com\">nejedla.magdalena@gmail.com<\/a><br>tel: <\/p>\n<\/div>\n\n\n\n<div class=\"lektor\">\n<h4 style=\"color: #ff6b00;\"><a href=\"http:\/\/www.tuseni.cz\/index.php\/lektori\/ivca-neumannova\/\">Ivana Neumannov\u00e1<a\/><\/h4>\n<p>Machovy prou\u017eky<br>\ne-mail: <a href=\"mailto:nojminka@gmail.com\">nojminka@gmail.com<\/a><br>tel: <\/p>\n<\/div>\n\n\n\n<div class=\"lektor\">\n<h4 style=\"color: #ff6b00;\"><a href=\"http:\/\/www.tuseni.cz\/index.php\/lektori\/jana-osuchova\/\">Jana Os\u00fachov\u00e1<\/a><\/h4>\n<p>Machovy prou\u017eky<br>\ne-mail: <a href=\"mailto:jana.osuch@gmail.com\">jana.osuch@gmail.com<\/a><br>tel: <\/p>\n<\/div>\n\n\n\n<div class=\"lektor\">\n<h4 style=\"color: #ff6b00;\"><a href=\"http:\/\/www.tuseni.cz\/index.php\/lektori\/dominika-prokopova\/\">Dominika Prokopov\u00e1<\/a><\/h4>\n<p>Drama\u0165\u00e1k<br>\ne-mail: <a href=\"mailto:prokopova.dominika@seznam.cz\">prokopova.dominika@seznam.cz<\/a><br>tel: <\/p>\n<\/div>\n\n\n\n<div class=\"lektor\">\n<h4 style=\"color: #ff6b00;\"><a href=\"http:\/\/www.tuseni.cz\/index.php\/lektori\/barbora-ptackova\/\">Barbora Pt\u00e1\u010dkov\u00e1<\/a><\/h4>\n<p>Balet, Ta.Banda<br>\ne-mail: <a href=\"mailto:ptackovabaru@gmail.com\">ptackovabaru@gmail.com<\/a>\n<br>tel: <\/p>\n<\/div>\n\n\n\n<div class=\"lektor\">\n<h4><a href=\"http:\/\/www.tuseni.cz\/index.php\/lektori\/alzbeta-slavik-ziva\/\">Al\u017eb\u011bta Slav\u00edk \u017div\u00e1<\/a><\/h4>\n<p>Kundalini j\u00f3ga <br>\ne-mail: <a href=\"mailto:alzbeta.ziva@gmail.com\">alzbeta.ziva@gmail.com<\/a><br>\ntel: 601&nbsp;331&nbsp;996<\/p>\n<\/div>\n\n\n\n<div class=\"lektor\">\n<h4><a href=\"http:\/\/www.tuseni.cz\/index.php\/lektori\/kaja-studnicka\/\">K\u00e1ja Studni\u010dka<\/a><\/h4>\n<p>Vesel\u00e9 p\u00edsk\u00e1n\u00ed<br>\ne-mail: <a href=\"mailto:kastud@centrum.cz@gmail.com\">kastud@centrum.cz<\/a><br>\ntel: <\/p>\n<\/div>\n\n\n\n<div class=\"lektor\">\n<h4><a href=\"http:\/\/www.tuseni.cz\/index.php\/lektori\/michaela-tumova\/\">Michaela T\u016fmov\u00e1<\/a><\/h4>\n<p>Machovy prou\u017eky<br>\ne-mail: <a href=\"mailto:tumomich@seznam.cz\">tumomich@seznam.cz<\/a><br>\ntel: <\/p>\n<\/div>\n\n\n\n<div class=\"lektor\">\n<h4 style=\"color: #ff6b00;\"><a href=\"http:\/\/www.tuseni.cz\/index.php\/lektori\/hana-uhlikova\/\">Hana Uhl\u00edkov\u00e1<\/a><\/h4>\n<p>Bambola<br>\ne-mail: <a href=\"mailto:hana.uhlikova@centrum.cz\">hana.uhlikova@centrum.cz<\/a><br>tel: <\/p>\n<\/div>\n\n\n\n<div class=\"lektor\">\n<h4 style=\"color: #ff6b00;\"><a href=\"http:\/\/www.tuseni.cz\/index.php\/lektori\/natalie-vackova\/\">Nat\u00e1lie Vackov\u00e1<\/a><\/h4>\n<p>Balet, L\u00e9tavice, Ta.Bandu<br>\ne-mail: <a href=\"mailto:natalie.vackova@gmail.com\">natalie.vackova@gmail.com<\/a><br>tel: +420&nbsp;776&nbsp;472&nbsp;518<\/p>\n<\/div>\n\n\n\n<div class=\"lektor\">\n<h4 style=\"color: #ff6b00;\"><a href=\"http:\/\/www.tuseni.cz\/index.php\/lektori\/jirina-vitu\/\">Ji\u0159ina V\u00edt\u016f<\/a><\/h4>\n<p>Hokusy pokusy<br>e-mail: <a href=\"mailto:jlaburdova@seznam.cz\">jlaburdova@seznam.cz<\/a>\n<br>tel: 776&nbsp;860&nbsp;357<\/p>\n<\/div>\n\n\n\n<div class=\"lektor\">\n<h4 style=\"color: #ff6b00;\"><a href=\"http:\/\/www.tuseni.cz\/index.php\/lektori\/jana-vorosova\/\">Jana V\u00f6r\u00f6\u0161ov\u00e1<\/a><\/h4>\n<p>La Folia, Cvrkot <br>\ne-mail: <a href=\"mailto:jana@tuseni.cz\">jana@tuseni.cz<\/a><br>tel: +420&nbsp;723&nbsp;726&nbsp;833<\/p>\n<\/div>\n\n\n\n<div class=\"lektor\">\n<h4 style=\"color: #ff6b00;\"><a href=\"http:\/\/www.tuseni.cz\/index.php\/lektori\/veronika-zavrelova\/\">Veronika Zav\u0159elov\u00e1<\/a><\/h4>\n<p>Machovy prou\u017eky<br>e-mail: <a href=\"mailto:vercazavrelova@gmail.com\">vercazavrelova@gmail.com<\/a>\n<br><\/p>\n<\/div>","protected":false},"excerpt":{"rendered":"<p>Kristof Abrath Angli\u010dtinae-mail: kristofabrath@yahoo.comtel: Mark\u00e9ta Abrath Duhov\u00e1 j\u00f3gae-mail: maarlanc@gmail.comtel: Renata B\u00e1rtov\u00e1 Pilates e-mail: RenataBartova@seznam.cz tel: 602&nbsp;395&nbsp;208 Galyna Baziv Angli\u010dtina e-mail: baziv@seznam.cz tel: 774&nbsp;207&nbsp;872 Krist\u00fdna Fialov\u00e1 Kr\u00e1sn\u00e1 hl\u00edna e-mail: Kristyna.F@seznam.cztel.: Sv\u011btlana Friga Kr\u00e1sn\u00e1 hl\u00edna e-mail: Tel775371733@gmail.comtel.: BcA. Veronika Kacianov\u00e1 Pohybov\u00e1 studiae-mail: kacian@volny.cztel: 728&nbsp;217&nbsp;729 Kl\u00e1ra Ka\u0161ov\u00e1 D.ATEL e-mail: klara@pokrok.orgtel: Anna Kroupov\u00e1 Balet a&nbsp;Ta.Banda e-mail: tel: Petra Lorenzov\u00e1 [&hellip;]<\/p>","protected":false},"author":1,"featured_media":0,"parent":0,"menu_order":0,"comment_status":"open","ping_status":"open","template":"main.php","meta":{"footnotes":""},"class_list":["post-27","page","type-page","status-publish","hentry"],"_links":{"self":[{"href":"https:\/\/www.tuseni.cz\/index.php\/wp-json\/wp\/v2\/pages\/27","targetHints":{"allow":["GET"]}}],"collection":[{"href":"https:\/\/www.tuseni.cz\/index.php\/wp-json\/wp\/v2\/pages"}],"about":[{"href":"https:\/\/www.tuseni.cz\/index.php\/wp-json\/wp\/v2\/types\/page"}],"author":[{"embeddable":true,"href":"https:\/\/www.tuseni.cz\/index.php\/wp-json\/wp\/v2\/users\/1"}],"replies":[{"embeddable":true,"href":"https:\/\/www.tuseni.cz\/index.php\/wp-json\/wp\/v2\/comments?post=27"}],"version-history":[{"count":149,"href":"https:\/\/www.tuseni.cz\/index.php\/wp-json\/wp\/v2\/pages\/27\/revisions"}],"predecessor-version":[{"id":3010,"href":"https:\/\/www.tuseni.cz\/index.php\/wp-json\/wp\/v2\/pages\/27\/revisions\/3010"}],"wp:attachment":[{"href":"https:\/\/www.tuseni.cz\/index.php\/wp-json\/wp\/v2\/media?parent=27"}],"curies":[{"name":"wp","href":"https:\/\/api.w.org\/{rel}","templated":true}]}}