
{"id":3135,"date":"2025-08-13T20:34:33","date_gmt":"2025-08-13T19:34:33","guid":{"rendered":"https:\/\/www.tuseni.cz\/?page_id=3135"},"modified":"2025-08-13T20:36:45","modified_gmt":"2025-08-13T19:36:45","slug":"luan-goncalves","status":"publish","type":"page","link":"https:\/\/www.tuseni.cz\/index.php\/lektori\/luan-goncalves\/","title":{"rendered":"LUAN GONCALVES"},"content":{"rendered":"<blockquote class=\"wp-block-quote is-layout-flow wp-block-quote-is-layout-flow\"><div class=\"wp-block-image\">\n<figure class=\"alignright size-large is-resized\"><a href=\"https:\/\/www.tuseni.cz\/wp-content\/uploads\/2025\/08\/Luan-bass.jpg\"><img loading=\"lazy\" decoding=\"async\" width=\"1024\" height=\"682\" src=\"https:\/\/www.tuseni.cz\/wp-content\/uploads\/2025\/08\/Luan-bass-1024x682.jpg\" alt=\"\" class=\"wp-image-3139\" style=\"width:425px;height:auto\" srcset=\"https:\/\/www.tuseni.cz\/wp-content\/uploads\/2025\/08\/Luan-bass-1024x682.jpg 1024w, https:\/\/www.tuseni.cz\/wp-content\/uploads\/2025\/08\/Luan-bass-300x200.jpg 300w, https:\/\/www.tuseni.cz\/wp-content\/uploads\/2025\/08\/Luan-bass-768x512.jpg 768w, https:\/\/www.tuseni.cz\/wp-content\/uploads\/2025\/08\/Luan-bass-1536x1024.jpg 1536w, https:\/\/www.tuseni.cz\/wp-content\/uploads\/2025\/08\/Luan-bass-330x220.jpg 330w, https:\/\/www.tuseni.cz\/wp-content\/uploads\/2025\/08\/Luan-bass-250x167.jpg 250w, https:\/\/www.tuseni.cz\/wp-content\/uploads\/2025\/08\/Luan-bass.jpg 2000w\" sizes=\"auto, (max-width: 1024px) 100vw, 1024px\" \/><\/a><\/figure><\/div>\n\n\n<p>Na kytaru jsem se nau\u010dil doma, kde hran\u00ed a&nbsp;zp\u00edv\u00e1n\u00ed byl obl\u00edben\u00fdm kon\u00ed\u010dkem a&nbsp;nezbytnou sou\u010d\u00e1st\u00ed rodinn\u00fdch se\u0161lost\u00ed a&nbsp;v\u00fdlet\u016f. V&nbsp;jeden\u00e1cti letech jsem se zamiloval do baskytary, ve \u010dtrn\u00e1cti do kontrabasu, a&nbsp;v&nbsp;sedmn\u00e1cti jsem se p\u0159est\u011bhoval z&nbsp;rodn\u00e9&nbsp;Braz\u00edlie studovat klasiku na Pra\u017esk\u00e9 konzervato\u0159i. Od t\u00e9 doby hran\u00ed na kontrabas je moje hlavn\u00ed pr\u00e1ce, od klasiky po jazz, rock nebo klezmer, a&nbsp;posledn\u00edch p\u00e1r let tak\u00e9 skl\u00e1d\u00e1m pro loutkov\u00e9 divadlo.<br>Kytara a&nbsp;zp\u00edv\u00e1n\u00ed z\u016fst\u00e1vaj\u00ed pro m\u011b velk\u00e9 zdroje radosti a&nbsp;moje snaha je, aby to takhle mohli m\u00edt i&nbsp;\u017e\u00e1ci.<\/p>\n\n\n\n<p>Uk\u00e1zky:<\/p>\n\n\n\n<p>Hi\u0161a iz plo\u010devine<br><a href=\"https:\/\/www.youtube.com\/watch?v=4Qiprx_z72k&amp;ab_channel=Lutkovnogledali%C5%A1%C4%8DeLjubljana\">https:\/\/www.youtube.com\/watch?v=4Qiprx_z72k&amp;ab_channel=Lutkovnogledali%C5%A1%C4%8DeLjubljana<\/a><\/p>\n\n\n\n<p>Tiho no\u0107i&nbsp;<br><a href=\"https:\/\/mlimusic.bandcamp.com\/track\/tiho-no-i\">https:\/\/mlimusic.bandcamp.com\/track\/tiho-no-i<\/a><\/p>\n\n\n\n<p>Prague Quiet Music Collective<br><a href=\"https:\/\/pqmc.bandcamp.com\/music\">https:\/\/pqmc.bandcamp.com\/music<\/a><\/p>\n\n\n\n<p>Talaqpo<br><a href=\"https:\/\/marecords.bandcamp.com\/album\/tamne\">https:\/\/marecords.bandcamp.com\/album\/tamne<\/a><\/p>\n\n\n\n<p>Jungle Debris<br><a href=\"https:\/\/marecords.bandcamp.com\/album\/jungle-debris\">https:\/\/marecords.bandcamp.com\/album\/jungle-debris<\/a><\/p>\n<\/blockquote>","protected":false},"excerpt":{"rendered":"","protected":false},"author":1,"featured_media":0,"parent":27,"menu_order":0,"comment_status":"closed","ping_status":"closed","template":"main.php","meta":{"footnotes":""},"class_list":["post-3135","page","type-page","status-publish","hentry"],"_links":{"self":[{"href":"https:\/\/www.tuseni.cz\/index.php\/wp-json\/wp\/v2\/pages\/3135","targetHints":{"allow":["GET"]}}],"collection":[{"href":"https:\/\/www.tuseni.cz\/index.php\/wp-json\/wp\/v2\/pages"}],"about":[{"href":"https:\/\/www.tuseni.cz\/index.php\/wp-json\/wp\/v2\/types\/page"}],"author":[{"embeddable":true,"href":"https:\/\/www.tuseni.cz\/index.php\/wp-json\/wp\/v2\/users\/1"}],"replies":[{"embeddable":true,"href":"https:\/\/www.tuseni.cz\/index.php\/wp-json\/wp\/v2\/comments?post=3135"}],"version-history":[{"count":2,"href":"https:\/\/www.tuseni.cz\/index.php\/wp-json\/wp\/v2\/pages\/3135\/revisions"}],"predecessor-version":[{"id":3140,"href":"https:\/\/www.tuseni.cz\/index.php\/wp-json\/wp\/v2\/pages\/3135\/revisions\/3140"}],"up":[{"embeddable":true,"href":"https:\/\/www.tuseni.cz\/index.php\/wp-json\/wp\/v2\/pages\/27"}],"wp:attachment":[{"href":"https:\/\/www.tuseni.cz\/index.php\/wp-json\/wp\/v2\/media?parent=3135"}],"curies":[{"name":"wp","href":"https:\/\/api.w.org\/{rel}","templated":true}]}}

<blockquote class="wp-block-quote is-layout-flow wp-block-quote-is-layout-flow"><div class="wp-block-image">
<figure class="alignright size-large is-resized"><a href="https://www.tuseni.cz/wp-content/uploads/2025/08/Luan-bass.jpg"><img loading="lazy" decoding="async" width="1024" height="682" src="https://www.tuseni.cz/wp-content/uploads/2025/08/Luan-bass-1024x682.jpg" alt="" class="wp-image-3139" style="width:425px;height:auto" srcset="https://www.tuseni.cz/wp-content/uploads/2025/08/Luan-bass-1024x682.jpg 1024w, https://www.tuseni.cz/wp-content/uploads/2025/08/Luan-bass-300x200.jpg 300w, https://www.tuseni.cz/wp-content/uploads/2025/08/Luan-bass-768x512.jpg 768w, https://www.tuseni.cz/wp-content/uploads/2025/08/Luan-bass-1536x1024.jpg 1536w, https://www.tuseni.cz/wp-content/uploads/2025/08/Luan-bass-330x220.jpg 330w, https://www.tuseni.cz/wp-content/uploads/2025/08/Luan-bass-250x167.jpg 250w, https://www.tuseni.cz/wp-content/uploads/2025/08/Luan-bass.jpg 2000w" sizes="auto, (max-width: 1024px) 100vw, 1024px" /></a></figure></div>


<p>Na kytaru jsem se naučil doma, kde hraní a&nbsp;zpívání byl oblíbeným koníčkem a&nbsp;nezbytnou součástí rodinných sešlostí a&nbsp;výletů. V&nbsp;jedenácti letech jsem se zamiloval do baskytary, ve čtrnácti do kontrabasu, a&nbsp;v&nbsp;sedmnácti jsem se přestěhoval z&nbsp;rodné&nbsp;Brazílie studovat klasiku na Pražské konzervatoři. Od té doby hraní na kontrabas je moje hlavní práce, od klasiky po jazz, rock nebo klezmer, a&nbsp;posledních pár let také skládám pro loutkové divadlo.<br>Kytara a&nbsp;zpívání zůstávají pro mě velké zdroje radosti a&nbsp;moje snaha je, aby to takhle mohli mít i&nbsp;žáci.</p>



<p>Ukázky:</p>



<p>Hiša iz pločevine<br><a href="https://www.youtube.com/watch?v=4Qiprx_z72k&amp;ab_channel=Lutkovnogledali%C5%A1%C4%8DeLjubljana">https://www.youtube.com/watch?v=4Qiprx_z72k&amp;ab_channel=Lutkovnogledali%C5%A1%C4%8DeLjubljana</a></p>



<p>Tiho noći&nbsp;<br><a href="https://mlimusic.bandcamp.com/track/tiho-no-i">https://mlimusic.bandcamp.com/track/tiho-no-i</a></p>



<p>Prague Quiet Music Collective<br><a href="https://pqmc.bandcamp.com/music">https://pqmc.bandcamp.com/music</a></p>



<p>Talaqpo<br><a href="https://marecords.bandcamp.com/album/tamne">https://marecords.bandcamp.com/album/tamne</a></p>



<p>Jungle Debris<br><a href="https://marecords.bandcamp.com/album/jungle-debris">https://marecords.bandcamp.com/album/jungle-debris</a></p>
</blockquote>
