
{"id":35,"date":"2015-11-02T07:25:47","date_gmt":"2015-11-02T06:25:47","guid":{"rendered":"http:\/\/www.tuseni.cz\/?page_id=35"},"modified":"2025-09-03T14:48:29","modified_gmt":"2025-09-03T13:48:29","slug":"ke-stazeni","status":"publish","type":"page","link":"https:\/\/www.tuseni.cz\/index.php\/ke-stazeni\/","title":{"rendered":"Ke sta\u017een\u00ed"},"content":{"rendered":"<h3 class=\"wp-block-heading olivova\">P\u0159ihl\u00e1\u0161ky do krou\u017ek\u016f<\/h3>\n\n\n\n<div class=\"wp-block-columns is-layout-flex wp-container-core-columns-is-layout-9d6595d7 wp-block-columns-is-layout-flex\">\n<div class=\"wp-block-column is-vertically-aligned-center is-layout-flow wp-block-column-is-layout-flow\" style=\"flex-basis:45%\"><\/div>\n\n\n\n<div class=\"wp-block-column is-vertically-aligned-center is-layout-flow wp-block-column-is-layout-flow\" style=\"flex-basis:50%\">\n<p><\/p>\n<\/div>\n<\/div>\n\n\n\n<figure class=\"wp-block-image size-large is-resized is-style-default\"><a href=\"https:\/\/www.tuseni.cz\/wp-content\/uploads\/2022\/09\/Kdo-jsme-Co-muzeme-nabidnout-opt.pdf\"><img loading=\"lazy\" decoding=\"async\" width=\"1024\" height=\"575\" src=\"https:\/\/www.tuseni.cz\/wp-content\/uploads\/2022\/09\/Kdo-jsme-Co-muzeme-nabidnout-opt-1024x575.png\" alt=\"\" class=\"wp-image-2807\" style=\"width:597px;height:335px\" srcset=\"https:\/\/www.tuseni.cz\/wp-content\/uploads\/2022\/09\/Kdo-jsme-Co-muzeme-nabidnout-opt-1024x575.png 1024w, https:\/\/www.tuseni.cz\/wp-content\/uploads\/2022\/09\/Kdo-jsme-Co-muzeme-nabidnout-opt-300x169.png 300w, https:\/\/www.tuseni.cz\/wp-content\/uploads\/2022\/09\/Kdo-jsme-Co-muzeme-nabidnout-opt-768x432.png 768w, https:\/\/www.tuseni.cz\/wp-content\/uploads\/2022\/09\/Kdo-jsme-Co-muzeme-nabidnout-opt-1536x863.png 1536w, https:\/\/www.tuseni.cz\/wp-content\/uploads\/2022\/09\/Kdo-jsme-Co-muzeme-nabidnout-opt-250x141.png 250w, https:\/\/www.tuseni.cz\/wp-content\/uploads\/2022\/09\/Kdo-jsme-Co-muzeme-nabidnout-opt.png 2000w\" sizes=\"auto, (max-width: 1024px) 100vw, 1024px\" \/><\/a><\/figure>\n\n\n\n<figure class=\"wp-block-image size-large is-resized is-style-default\"><a href=\"https:\/\/www.tuseni.cz\/wp-content\/uploads\/2022\/09\/Tuseni-2022_compressed.pdf\"><img loading=\"lazy\" decoding=\"async\" width=\"1024\" height=\"575\" src=\"https:\/\/www.tuseni.cz\/wp-content\/uploads\/2022\/09\/Tuseni-2022-1024x575.jpg\" alt=\"\" class=\"wp-image-2814\" style=\"width:569px;height:319px\" srcset=\"https:\/\/www.tuseni.cz\/wp-content\/uploads\/2022\/09\/Tuseni-2022-1024x575.jpg 1024w, https:\/\/www.tuseni.cz\/wp-content\/uploads\/2022\/09\/Tuseni-2022-300x169.jpg 300w, https:\/\/www.tuseni.cz\/wp-content\/uploads\/2022\/09\/Tuseni-2022-768x432.jpg 768w, https:\/\/www.tuseni.cz\/wp-content\/uploads\/2022\/09\/Tuseni-2022-1536x863.jpg 1536w, https:\/\/www.tuseni.cz\/wp-content\/uploads\/2022\/09\/Tuseni-2022-250x141.jpg 250w, https:\/\/www.tuseni.cz\/wp-content\/uploads\/2022\/09\/Tuseni-2022.jpg 2000w\" sizes=\"auto, (max-width: 1024px) 100vw, 1024px\" \/><\/a><\/figure>\n\n\n\n<hr class=\"wp-block-separator has-css-opacity\"\/>\n\n\n\n<h3 class=\"wp-block-heading olivova\">MASOPUST 2017<\/h3>\n\n\n\n<p>texty p\u00edsn\u00ed a&nbsp;nahr\u00e1vky stahujte <a href=\"http:\/\/www.tuseni.cz\/wp-content\/uploads\/2017\/02\/masopust.zip\">zde<\/a>.<\/p>\n\n\n\n<hr class=\"wp-block-separator has-css-opacity\"\/>\n\n\n\n<h3 class=\"wp-block-heading olivova\">D\u011btsk\u00fd sbor La Folia<\/h3>\n\n\n\n<p><a href=\"http:\/\/www.tuseni.cz\/index.php\/la-folia-deti\/\">Noty ke sta\u017een\u00ed<\/a><\/p>\n\n\n\n<h3 class=\"wp-block-heading olivova\">Sm\u00ed\u0161en\u00fd sbor La Folia<\/h3>\n\n\n\n<p><a href=\"http:\/\/www.tuseni.cz\/index.php\/la-folia-dospeli\/\">Noty ke sta\u017een\u00ed<\/a><\/p>\n\n\n\n<hr class=\"wp-block-separator has-css-opacity\"\/>\n\n\n\n<h4 class=\"wp-block-heading\">V\u00fdro\u010dn\u00ed zpr\u00e1vy<\/h4>\n\n\n\n<ul class=\"wp-block-list\">\n<li><a href=\"http:\/\/www.tuseni.cz\/wp-content\/uploads\/2016\/08\/tuseni-vz-2015.pdf\">V\u00fdro\u010dn\u00ed zpr\u00e1va za rok 2015<\/a> <\/li>\n\n\n\n<li><a style=\"\" href=\"http:\/\/www.tuseni.cz\/wp-content\/uploads\/2019\/12\/Tuseni-Vyrocni-zprava_2016.pdf\">V\u00fdro\u010dn\u00ed zpr\u00e1va za rok 2016<\/a><\/li>\n\n\n\n<li><a href=\"http:\/\/www.tuseni.cz\/wp-content\/uploads\/2019\/12\/Tuseni-Vyrocni-zprava_2017.pdf\">V\u00fdro\u010dn\u00ed zpr\u00e1va za rok 2017<\/a><\/li>\n\n\n\n<li><a href=\"http:\/\/www.tuseni.cz\/wp-content\/uploads\/2019\/12\/Tuseni-Vyrocni-zprava_2018.pdf\">V\u00fdro\u010dn\u00ed zpr\u00e1va za rok 2018<\/a><\/li>\n\n\n\n<li><a href=\"http:\/\/www.tuseni.cz\/wp-content\/uploads\/2020\/10\/Tus\u030ceni\u0301_vyroc\u030cni\u0301-zpra\u0301va_-2019-1.pdf\">V\u00fdro\u010dn\u00ed zpr\u00e1va za rok 2019<\/a><\/li>\n\n\n\n<li><a href=\"https:\/\/www.tuseni.cz\/wp-content\/uploads\/2022\/09\/2021_Tuseni-Vyrocni-zprava-opt.pdf\">V\u00fdro\u010dn\u00ed zpr\u00e1va za rok 2021<\/a><\/li>\n\n\n\n<li><a href=\"https:\/\/www.tuseni.cz\/wp-content\/uploads\/2024\/06\/Tuseni-Vyrocni-zprava-2022.pdf\">V\u00fdro\u010dn\u00ed zpr\u00e1va za rok 2022<\/a><\/li>\n\n\n\n<li><a href=\"https:\/\/www.tuseni.cz\/wp-content\/uploads\/2024\/06\/Tuseni-Vyrocni-zprava-2023.pdf\">V\u00fdro\u010dn\u00ed zpr\u00e1va za rok 2023<\/a><\/li>\n\n\n\n<li><a href=\"https:\/\/www.tuseni.cz\/wp-content\/uploads\/2025\/06\/Tuseni-Vyrocni-zprava-2024.pdf\">V\u00fdro\u010dn\u00ed zpr\u00e1va za rok 2024<\/a><\/li>\n<\/ul>\n\n\n\n<hr class=\"wp-block-separator has-css-opacity\"\/>","protected":false},"excerpt":{"rendered":"<p>P\u0159ihl\u00e1\u0161ky do krou\u017ek\u016f MASOPUST 2017 texty p\u00edsn\u00ed a&nbsp;nahr\u00e1vky stahujte zde. D\u011btsk\u00fd sbor La Folia Noty ke sta\u017een\u00ed Sm\u00ed\u0161en\u00fd sbor La Folia Noty ke sta\u017een\u00ed V\u00fdro\u010dn\u00ed zpr\u00e1vy<\/p>","protected":false},"author":1,"featured_media":0,"parent":0,"menu_order":0,"comment_status":"open","ping_status":"open","template":"main.php","meta":{"footnotes":""},"class_list":["post-35","page","type-page","status-publish","hentry"],"_links":{"self":[{"href":"https:\/\/www.tuseni.cz\/index.php\/wp-json\/wp\/v2\/pages\/35","targetHints":{"allow":["GET"]}}],"collection":[{"href":"https:\/\/www.tuseni.cz\/index.php\/wp-json\/wp\/v2\/pages"}],"about":[{"href":"https:\/\/www.tuseni.cz\/index.php\/wp-json\/wp\/v2\/types\/page"}],"author":[{"embeddable":true,"href":"https:\/\/www.tuseni.cz\/index.php\/wp-json\/wp\/v2\/users\/1"}],"replies":[{"embeddable":true,"href":"https:\/\/www.tuseni.cz\/index.php\/wp-json\/wp\/v2\/comments?post=35"}],"version-history":[{"count":50,"href":"https:\/\/www.tuseni.cz\/index.php\/wp-json\/wp\/v2\/pages\/35\/revisions"}],"predecessor-version":[{"id":3165,"href":"https:\/\/www.tuseni.cz\/index.php\/wp-json\/wp\/v2\/pages\/35\/revisions\/3165"}],"wp:attachment":[{"href":"https:\/\/www.tuseni.cz\/index.php\/wp-json\/wp\/v2\/media?parent=35"}],"curies":[{"name":"wp","href":"https:\/\/api.w.org\/{rel}","templated":true}]}}