
{"id":509,"date":"2016-11-06T11:05:19","date_gmt":"2016-11-06T10:05:19","guid":{"rendered":"http:\/\/www.tuseni.cz\/?page_id=509"},"modified":"2018-02-14T14:12:03","modified_gmt":"2018-02-14T13:12:03","slug":"la-folia-deti","status":"publish","type":"page","link":"https:\/\/www.tuseni.cz\/index.php\/ke-stazeni\/la-folia-deti\/","title":{"rendered":"D\u011btsk\u00fd sbor La Folia"},"content":{"rendered":"<h4>noty ke sta\u017een\u00ed<\/h4>\n<p><strong>2018 jaro\u00a0<\/strong><\/p>\n<ul>\n<li><a href=\"http:\/\/www.tuseni.cz\/wp-content\/uploads\/2018\/02\/Jarni-p\u00edsne-a-rikadla.pdf\">Jarn\u00ed p\u00edsn\u011b a&nbsp;\u0159\u00edkadla (texty)<\/a><\/li>\n<li><a href=\"http:\/\/www.tuseni.cz\/wp-content\/uploads\/2018\/02\/Mo\u0159ena-Smrt-plave-\u010c\u00e1p.mp3\">Mo\u0159ena, Smrt plave, \u010c\u00e1p (nahr\u00e1vka)<\/a><\/li>\n<\/ul>\n<hr \/>\n<p><strong>2017 podzim<\/strong><\/p>\n<p>nahr\u00e1vky a&nbsp;texty ke sta\u017een\u00ed <a href=\"http:\/\/www.tuseni.cz\/wp-content\/uploads\/2016\/11\/La-Folia-d\u011bti-podzim-2017.zip\">zde<\/a>.<\/p>\n<hr \/>\n<p><strong>2016\/2016<\/strong><\/p>\n<p><em>mal\u00ed zp\u011bv\u00e1ci:<\/em>\u00a0texty\/mp3 (Konvalinka,P\u0159i\u0161el k&nbsp;n\u00e1m host, Kristus P\u00e1n se narodil)<br \/>\n<em>v\u011bt\u0161\u00ed zp\u011bv\u00e1ci:<\/em>\u00a0texty\/mp3 (Raduj se v\u0161echno stvo\u0159en\u00ed, Kristus P\u00e1n se narodil, N\u011bco ti d\u00e1m, Ra\u0161elin\u00edk, St\u00e9vie, Z\u00e1da v&nbsp;hada)<\/p>\n<div class='ssfa-clearfix'><\/div><div id=\"ssfa-meta-container-2810\" class=\"ssfa-meta-container   \" data-uid=\"2810\"  style=\"margin: 10px 0 20px;  width:100%; float:none;\"><input type=\"hidden\" id=\"location_nonce_2810\" data-uid=\"2810\" value=\"d3b4697a17\" \/><div id='ssfa-table-wrap-2810' class='ssfa-minimalist'><div class=\"ssfa-clearfix\" style=\"margin-bottom:10px!important;\"><div class='ssfa-search-wrap '><span data-ssfa-icon='&#xe047;' class='ssfa-searchicon ' aria-hidden='true'><\/span><input id='filter-2810' class='ssfa-searchfield' placeholder='SEARCH' value='' name='search' id='search' type='text' \/><\/div><\/div><script type='text\/javascript'>jQuery(function(){ jQuery('.footable').footable();});<\/script><table id='ssfa-table-2810' data-filter='#filter-2810'   data-page-size='100000' class='footable ssfa-sortable ssfa-minimalist  ssfa-center  '   data-stats=\"false\"  ><thead><tr><th class='ssfa-sorttype ssfa-minimalist-first-column' title=\"Click to Sort\" >Type<\/th><th class='ssfa-sortname' title=\"Click to Sort\" data-sort-initial='true'>File&nbsp;Name<\/th><th class='ssfa-sortdate' data-type='numeric' title=\"Click to Sort\">Date&nbsp;Modified<\/th><th class='ssfa-sortsize' data-type='numeric' title=\"Click to Sort\">Size<\/th><\/tr><\/thead><tfoot><tr><td colspan='100'><\/td><\/tr><\/tfoot><tbody><tr id='ssfa-file-2810-1' class=''><td id='filetype-ssfa-file-2810-1' class='ssfa-sorttype ssfa-minimalist-first-column' ><a id='ssfa-2810-1' class=' ssfa-classic accent-classic' href=\"http:\/\/www.tuseni.cz\/wp-content\/uploads\/files\/lafolia-deti\/2016-17%20podzim-zima%20d\u011bti%20mal\u00e9.pdf\" download=\"2016-17 podzim-zima d\u011bti mal\u00e9.pdf\" data-stat='false'><span data-ssfa-icon='&#x21;' class='ssfa-faminicon  ssfa-classic' aria-hidden='true'><\/span><br \/> pdf<\/a><\/td><td id='filename-ssfa-file-2810-1' class='ssfa-sortname'  ><a id='ssfa-2810-1' class=' ssfa-classic accent-classic' href=\"http:\/\/www.tuseni.cz\/wp-content\/uploads\/files\/lafolia-deti\/2016-17%20podzim-zima%20d\u011bti%20mal\u00e9.pdf\" download=\"2016-17 podzim-zima d\u011bti mal\u00e9.pdf\" data-stat='false'><span class='ssfa-filename' >2016-17 Podzim Zima D\u011bti Mal\u00e9<\/span><\/a> <\/td><td id='mod-ssfa-file-2810-1' class='ssfa-sortdate' data-value='20161106100940'>10:09 11\/06\/2016<\/td><td id='size-ssfa-file-2810-1' class='ssfa-sortsize' data-value='27306'>26.7k<\/td><\/tr><tr id='ssfa-file-2810-2' class=''><td id='filetype-ssfa-file-2810-2' class='ssfa-sorttype ssfa-minimalist-first-column' ><a id='ssfa-2810-2' class=' ssfa-classic accent-classic' href=\"http:\/\/www.tuseni.cz\/wp-content\/uploads\/files\/lafolia-deti\/2016-17%20podzim-zima%20d\u011bti%20velk\u00e9.pdf\" download=\"2016-17 podzim-zima d\u011bti velk\u00e9.pdf\" data-stat='false'><span data-ssfa-icon='&#x21;' class='ssfa-faminicon  ssfa-classic' aria-hidden='true'><\/span><br \/> pdf<\/a><\/td><td id='filename-ssfa-file-2810-2' class='ssfa-sortname'  ><a id='ssfa-2810-2' class=' ssfa-classic accent-classic' href=\"http:\/\/www.tuseni.cz\/wp-content\/uploads\/files\/lafolia-deti\/2016-17%20podzim-zima%20d\u011bti%20velk\u00e9.pdf\" download=\"2016-17 podzim-zima d\u011bti velk\u00e9.pdf\" data-stat='false'><span class='ssfa-filename' >2016-17 Podzim Zima D\u011bti Velk\u00e9<\/span><\/a> <\/td><td id='mod-ssfa-file-2810-2' class='ssfa-sortdate' data-value='20161106100940'>10:09 11\/06\/2016<\/td><td id='size-ssfa-file-2810-2' class='ssfa-sortsize' data-value='33148'>32.4k<\/td><\/tr><tr id='ssfa-file-2810-3' class=''><td id='filetype-ssfa-file-2810-3' class='ssfa-sorttype ssfa-minimalist-first-column' ><a id='ssfa-2810-3' class=' ssfa-classic accent-classic' href=\"http:\/\/www.tuseni.cz\/wp-content\/uploads\/files\/lafolia-deti\/Konvalinka.mp3\" download=\"Konvalinka.mp3\" data-stat='false'><span data-ssfa-icon='&#x43;' class='ssfa-faminicon  ssfa-classic' aria-hidden='true'><\/span><br \/> mp3<\/a><\/td><td id='filename-ssfa-file-2810-3' class='ssfa-sortname'  ><a id='ssfa-2810-3' class=' ssfa-classic accent-classic' href=\"http:\/\/www.tuseni.cz\/wp-content\/uploads\/files\/lafolia-deti\/Konvalinka.mp3\" download=\"Konvalinka.mp3\" data-stat='false'><span class='ssfa-filename' >Konvalinka<\/span><\/a> <\/td><td id='mod-ssfa-file-2810-3' class='ssfa-sortdate' data-value='20161106100949'>10:09 11\/06\/2016<\/td><td id='size-ssfa-file-2810-3' class='ssfa-sortsize' data-value='2107038'>2M<\/td><\/tr><tr id='ssfa-file-2810-4' class=''><td id='filetype-ssfa-file-2810-4' class='ssfa-sorttype ssfa-minimalist-first-column' ><a id='ssfa-2810-4' class=' ssfa-classic accent-classic' href=\"http:\/\/www.tuseni.cz\/wp-content\/uploads\/files\/lafolia-deti\/Kristus%20p\u00e1n%20se%20narodil.mp3\" download=\"Kristus p\u00e1n se narodil.mp3\" data-stat='false'><span data-ssfa-icon='&#x43;' class='ssfa-faminicon  ssfa-classic' aria-hidden='true'><\/span><br \/> mp3<\/a><\/td><td id='filename-ssfa-file-2810-4' class='ssfa-sortname'  ><a id='ssfa-2810-4' class=' ssfa-classic accent-classic' href=\"http:\/\/www.tuseni.cz\/wp-content\/uploads\/files\/lafolia-deti\/Kristus%20p\u00e1n%20se%20narodil.mp3\" download=\"Kristus p\u00e1n se narodil.mp3\" data-stat='false'><span class='ssfa-filename' >Kristus P\u00e1n Se Narodil<\/span><\/a> <\/td><td id='mod-ssfa-file-2810-4' class='ssfa-sortdate' data-value='20161106100958'>10:09 11\/06\/2016<\/td><td id='size-ssfa-file-2810-4' class='ssfa-sortsize' data-value='2107050'>2M<\/td><\/tr><tr id='ssfa-file-2810-5' class=''><td id='filetype-ssfa-file-2810-5' class='ssfa-sorttype ssfa-minimalist-first-column' ><a id='ssfa-2810-5' class=' ssfa-classic accent-classic' href=\"http:\/\/www.tuseni.cz\/wp-content\/uploads\/files\/lafolia-deti\/La%20Folia%20-%20d\u011bti%20-%20podzim%202017.zip\" download=\"La Folia - d\u011bti - podzim 2017.zip\" data-stat='false'><span data-ssfa-icon='&#x27;' class='ssfa-faminicon  ssfa-classic' aria-hidden='true'><\/span><br \/> zip<\/a><\/td><td id='filename-ssfa-file-2810-5' class='ssfa-sortname'  ><a id='ssfa-2810-5' class=' ssfa-classic accent-classic' href=\"http:\/\/www.tuseni.cz\/wp-content\/uploads\/files\/lafolia-deti\/La%20Folia%20-%20d\u011bti%20-%20podzim%202017.zip\" download=\"La Folia - d\u011bti - podzim 2017.zip\" data-stat='false'><span class='ssfa-filename' >La Folia   D\u011bti   Podzim 2017<\/span><\/a> <\/td><td id='mod-ssfa-file-2810-5' class='ssfa-sortdate' data-value='20171018214846'>21:48 10\/18\/2017<\/td><td id='size-ssfa-file-2810-5' class='ssfa-sortsize' data-value='6627087'>6.3M<\/td><\/tr><tr id='ssfa-file-2810-6' class=''><td id='filetype-ssfa-file-2810-6' class='ssfa-sorttype ssfa-minimalist-first-column' ><a id='ssfa-2810-6' class=' ssfa-classic accent-classic' href=\"http:\/\/www.tuseni.cz\/wp-content\/uploads\/files\/lafolia-deti\/N\u011bco%20ti%20d\u00e1m.mp3\" download=\"N\u011bco ti d\u00e1m.mp3\" data-stat='false'><span data-ssfa-icon='&#x43;' class='ssfa-faminicon  ssfa-classic' aria-hidden='true'><\/span><br \/> mp3<\/a><\/td><td id='filename-ssfa-file-2810-6' class='ssfa-sortname'  ><a id='ssfa-2810-6' class=' ssfa-classic accent-classic' href=\"http:\/\/www.tuseni.cz\/wp-content\/uploads\/files\/lafolia-deti\/N\u011bco%20ti%20d\u00e1m.mp3\" download=\"N\u011bco ti d\u00e1m.mp3\" data-stat='false'><span class='ssfa-filename' >N\u011bco Ti D\u00e1m<\/span><\/a> <\/td><td id='mod-ssfa-file-2810-6' class='ssfa-sortdate' data-value='20161106101007'>10:10 11\/06\/2016<\/td><td id='size-ssfa-file-2810-6' class='ssfa-sortsize' data-value='2107053'>2M<\/td><\/tr><tr id='ssfa-file-2810-7' class=''><td id='filetype-ssfa-file-2810-7' class='ssfa-sorttype ssfa-minimalist-first-column' ><a id='ssfa-2810-7' class=' ssfa-classic accent-classic' href=\"http:\/\/www.tuseni.cz\/wp-content\/uploads\/files\/lafolia-deti\/P\u0159i\u0161el%20k%20n\u00e1m%20host.mp3\" download=\"P\u0159i\u0161el k n\u00e1m host.mp3\" data-stat='false'><span data-ssfa-icon='&#x43;' class='ssfa-faminicon  ssfa-classic' aria-hidden='true'><\/span><br \/> mp3<\/a><\/td><td id='filename-ssfa-file-2810-7' class='ssfa-sortname'  ><a id='ssfa-2810-7' class=' ssfa-classic accent-classic' href=\"http:\/\/www.tuseni.cz\/wp-content\/uploads\/files\/lafolia-deti\/P\u0159i\u0161el%20k%20n\u00e1m%20host.mp3\" download=\"P\u0159i\u0161el k n\u00e1m host.mp3\" data-stat='false'><span class='ssfa-filename' >P\u0159i\u0161el K N\u00e1m Host<\/span><\/a> <\/td><td id='mod-ssfa-file-2810-7' class='ssfa-sortdate' data-value='20161106101016'>10:10 11\/06\/2016<\/td><td id='size-ssfa-file-2810-7' class='ssfa-sortsize' data-value='2107065'>2M<\/td><\/tr><tr id='ssfa-file-2810-8' class=''><td id='filetype-ssfa-file-2810-8' class='ssfa-sorttype ssfa-minimalist-first-column' ><a id='ssfa-2810-8' class=' ssfa-classic accent-classic' href=\"http:\/\/www.tuseni.cz\/wp-content\/uploads\/files\/lafolia-deti\/Raduj%20se%20v\u0161echno%20stvo\u0159en\u00ed.mp3\" download=\"Raduj se v\u0161echno stvo\u0159en\u00ed.mp3\" data-stat='false'><span data-ssfa-icon='&#x43;' class='ssfa-faminicon  ssfa-classic' aria-hidden='true'><\/span><br \/> mp3<\/a><\/td><td id='filename-ssfa-file-2810-8' class='ssfa-sortname'  ><a id='ssfa-2810-8' class=' ssfa-classic accent-classic' href=\"http:\/\/www.tuseni.cz\/wp-content\/uploads\/files\/lafolia-deti\/Raduj%20se%20v\u0161echno%20stvo\u0159en\u00ed.mp3\" download=\"Raduj se v\u0161echno stvo\u0159en\u00ed.mp3\" data-stat='false'><span class='ssfa-filename' >Raduj Se V\u0161echno Stvo\u0159en\u00ed<\/span><\/a> <\/td><td id='mod-ssfa-file-2810-8' class='ssfa-sortdate' data-value='20161106101026'>10:10 11\/06\/2016<\/td><td id='size-ssfa-file-2810-8' class='ssfa-sortsize' data-value='2515427'>2.4M<\/td><\/tr><tr id='ssfa-file-2810-9' class=''><td id='filetype-ssfa-file-2810-9' class='ssfa-sorttype ssfa-minimalist-first-column' ><a id='ssfa-2810-9' class=' ssfa-classic accent-classic' href=\"http:\/\/www.tuseni.cz\/wp-content\/uploads\/files\/lafolia-deti\/Ra\u0161elin\u00edk.mp3\" download=\"Ra\u0161elin\u00edk.mp3\" data-stat='false'><span data-ssfa-icon='&#x43;' class='ssfa-faminicon  ssfa-classic' aria-hidden='true'><\/span><br \/> mp3<\/a><\/td><td id='filename-ssfa-file-2810-9' class='ssfa-sortname'  ><a id='ssfa-2810-9' class=' ssfa-classic accent-classic' href=\"http:\/\/www.tuseni.cz\/wp-content\/uploads\/files\/lafolia-deti\/Ra\u0161elin\u00edk.mp3\" download=\"Ra\u0161elin\u00edk.mp3\" data-stat='false'><span class='ssfa-filename' >Ra\u0161elin\u00edk<\/span><\/a> <\/td><td id='mod-ssfa-file-2810-9' class='ssfa-sortdate' data-value='20161106101037'>10:10 11\/06\/2016<\/td><td id='size-ssfa-file-2810-9' class='ssfa-sortsize' data-value='2515395'>2.4M<\/td><\/tr><tr id='ssfa-file-2810-10' class=''><td id='filetype-ssfa-file-2810-10' class='ssfa-sorttype ssfa-minimalist-first-column' ><a id='ssfa-2810-10' class=' ssfa-classic accent-classic' href=\"http:\/\/www.tuseni.cz\/wp-content\/uploads\/files\/lafolia-deti\/St\u00e9vie.mp3\" download=\"St\u00e9vie.mp3\" data-stat='false'><span data-ssfa-icon='&#x43;' class='ssfa-faminicon  ssfa-classic' aria-hidden='true'><\/span><br \/> mp3<\/a><\/td><td id='filename-ssfa-file-2810-10' class='ssfa-sortname'  ><a id='ssfa-2810-10' class=' ssfa-classic accent-classic' href=\"http:\/\/www.tuseni.cz\/wp-content\/uploads\/files\/lafolia-deti\/St\u00e9vie.mp3\" download=\"St\u00e9vie.mp3\" data-stat='false'><span class='ssfa-filename' >St\u00e9vie<\/span><\/a> <\/td><td id='mod-ssfa-file-2810-10' class='ssfa-sortdate' data-value='20161106101047'>10:10 11\/06\/2016<\/td><td id='size-ssfa-file-2810-10' class='ssfa-sortsize' data-value='2402531'>2.3M<\/td><\/tr><tr id='ssfa-file-2810-11' class=''><td id='filetype-ssfa-file-2810-11' class='ssfa-sorttype ssfa-minimalist-first-column' ><a id='ssfa-2810-11' class=' ssfa-classic accent-classic' href=\"http:\/\/www.tuseni.cz\/wp-content\/uploads\/files\/lafolia-deti\/Z\u00e1da%20v%20hada.mp3\" download=\"Z\u00e1da v hada.mp3\" data-stat='false'><span data-ssfa-icon='&#x43;' class='ssfa-faminicon  ssfa-classic' aria-hidden='true'><\/span><br \/> mp3<\/a><\/td><td id='filename-ssfa-file-2810-11' class='ssfa-sortname'  ><a id='ssfa-2810-11' class=' ssfa-classic accent-classic' href=\"http:\/\/www.tuseni.cz\/wp-content\/uploads\/files\/lafolia-deti\/Z\u00e1da%20v%20hada.mp3\" download=\"Z\u00e1da v hada.mp3\" data-stat='false'><span class='ssfa-filename' >Z\u00e1da V Hada<\/span><\/a> <\/td><td id='mod-ssfa-file-2810-11' class='ssfa-sortdate' data-value='20161106101057'>10:10 11\/06\/2016<\/td><td id='size-ssfa-file-2810-11' class='ssfa-sortsize' data-value='2259176'>2.2M<\/td><\/tr><\/tbody><\/table><\/div><\/div><div class='ssfa-clearfix'><\/div>\n<p>&nbsp;<\/p>","protected":false},"excerpt":{"rendered":"<p>noty ke sta\u017een\u00ed 2018 jaro\u00a0 Jarn\u00ed p\u00edsn\u011b a&nbsp;\u0159\u00edkadla (texty) Mo\u0159ena, Smrt plave, \u010c\u00e1p (nahr\u00e1vka) 2017 podzim nahr\u00e1vky a&nbsp;texty ke sta\u017een\u00ed zde. 2016\/2016 mal\u00ed zp\u011bv\u00e1ci:\u00a0texty\/mp3 (Konvalinka,P\u0159i\u0161el k&nbsp;n\u00e1m host, Kristus P\u00e1n se narodil) v\u011bt\u0161\u00ed zp\u011bv\u00e1ci:\u00a0texty\/mp3 (Raduj se v\u0161echno stvo\u0159en\u00ed, Kristus P\u00e1n se narodil, N\u011bco ti d\u00e1m, Ra\u0161elin\u00edk, St\u00e9vie, Z\u00e1da v&nbsp;hada) &nbsp;<\/p>","protected":false},"author":1,"featured_media":0,"parent":35,"menu_order":0,"comment_status":"closed","ping_status":"closed","template":"main.php","meta":{"footnotes":""},"class_list":["post-509","page","type-page","status-publish","hentry"],"_links":{"self":[{"href":"https:\/\/www.tuseni.cz\/index.php\/wp-json\/wp\/v2\/pages\/509","targetHints":{"allow":["GET"]}}],"collection":[{"href":"https:\/\/www.tuseni.cz\/index.php\/wp-json\/wp\/v2\/pages"}],"about":[{"href":"https:\/\/www.tuseni.cz\/index.php\/wp-json\/wp\/v2\/types\/page"}],"author":[{"embeddable":true,"href":"https:\/\/www.tuseni.cz\/index.php\/wp-json\/wp\/v2\/users\/1"}],"replies":[{"embeddable":true,"href":"https:\/\/www.tuseni.cz\/index.php\/wp-json\/wp\/v2\/comments?post=509"}],"version-history":[{"count":11,"href":"https:\/\/www.tuseni.cz\/index.php\/wp-json\/wp\/v2\/pages\/509\/revisions"}],"predecessor-version":[{"id":994,"href":"https:\/\/www.tuseni.cz\/index.php\/wp-json\/wp\/v2\/pages\/509\/revisions\/994"}],"up":[{"embeddable":true,"href":"https:\/\/www.tuseni.cz\/index.php\/wp-json\/wp\/v2\/pages\/35"}],"wp:attachment":[{"href":"https:\/\/www.tuseni.cz\/index.php\/wp-json\/wp\/v2\/media?parent=509"}],"curies":[{"name":"wp","href":"https:\/\/api.w.org\/{rel}","templated":true}]}}