
{"id":577,"date":"2017-02-19T21:32:40","date_gmt":"2017-02-19T20:32:40","guid":{"rendered":"http:\/\/www.tuseni.cz\/?page_id=577"},"modified":"2017-02-19T22:31:11","modified_gmt":"2017-02-19T21:31:11","slug":"mgr-mga-michaela-tumova-2","status":"publish","type":"page","link":"https:\/\/www.tuseni.cz\/index.php\/lektori\/mgr-mga-michaela-tumova-2\/","title":{"rendered":"Mgr., MgA. Michaela T\u016fmov\u00e1"},"content":{"rendered":"<p class=\"western\" lang=\"cs-CZ\">Tel.: +420\u00a0774\u00a0350\u00a0085<br \/>\nE-mail: tumomich@seznam.cz<br \/>\nDatum a&nbsp;m\u00edsto narozen\u00ed: 8.&nbsp;srpen 1983, Praha<\/p>\n<p>&nbsp;<\/p>\n<p><strong>Vzd\u011bl\u00e1n\u00ed<\/strong><\/p>\n<ul>\n<li>09\/2013\u201309\/2014 Divadeln\u00ed fakulta AMU &#8211; Katedra autorsk\u00e9 tvorby a&nbsp;pedagogiky<br \/>\nnavazuj\u00edc\u00ed magistersk\u00e9 studium<\/li>\n<\/ul>\n<ul>\n<li>10\/2006\u201306\/2007 Akademie v\u00fdtvarn\u00fdch um\u011bn\u00ed v\u00a0Praze<\/li>\n<li>10\/2008\u201306\/2013 Restaurov\u00e1n\u00ed mal\u00ed\u0159sk\u00fdch d\u011bl a&nbsp;polychromovan\u00fdch plastik<br \/>\ndenn\u00ed magistersk\u00e9 studium<\/li>\n<\/ul>\n<ul>\n<li>2008\u20132011 Divadeln\u00ed fakulta AMU &#8211; Katedra autorsk\u00e9 tvorby a&nbsp;pedagogiky<br \/>\nnavazuj\u00edc\u00ed magistersk\u00e9 studium<\/li>\n<\/ul>\n<ul>\n<li>2010\u20132012 pilotn\u00ed program AMU &#8211; Divadlo v\u00a0netradi\u010dn\u00edch prostor\u00e1ch<\/li>\n<li>2003\u20132008 Pedagogick\u00e1 fakulta UK v\u00a0Praze<br \/>\nKatedra v\u00fdtvarn\u00e9 v\u00fdchovy<br \/>\nU\u010ditelstv\u00ed v\u00fdtvarn\u00e9 v\u00fdchovy pro Z\u0160, S\u0160 a&nbsp;ZU\u0160<br \/>\ndenn\u00ed magistersk\u00e9 studium<\/li>\n<\/ul>\n<ul>\n<li>1999 &#8211; 2003 Gymn\u00e1zium Arabsk\u00e1 v\u00a0Praze 6 &#8211;\u00a0humanitn\u00ed zam\u011b\u0159en\u00ed<br \/>\nZakon\u010deno maturitn\u00ed zkou\u0161kou z\u00a0n\u011bm\u010diny, \u010de\u0161tiny, z\u00e1klad\u016f<br \/>\nspole\u010densk\u00fdch v\u011bd, d\u011bjepisu.<\/li>\n<\/ul>\n<p class=\"western\"><strong>\u00da\u010dast na workshopech nad r\u00e1mec studia<\/strong> (v\u00fdb\u011br) :<\/p>\n<p>2016<\/p>\n<ul>\n<li>workshop Od doteku k\u00a0tanci s&nbsp;Frank van der Ven, Archa; 2 dny<\/li>\n<li>workshop fyzick\u00e9ho b\u00e1snictv\u00ed s\u00a0Petrem V\u00e1\u0161ou, Zlomvaz, 1 den<\/li>\n<\/ul>\n<p>2015<\/p>\n<ul>\n<li>Ji\u0159\u00ed Lossl \u2013 Tanec a&nbsp;Vesel\u00ed; Vesel\u00ed na Morav\u011b, 5&nbsp;dn\u00ed<\/li>\n<li>Festival Nult\u00fd bod \u2013 workshop Fabrice Mazliah, Peter \u0160avel; 4 dny<\/li>\n<\/ul>\n<p>2014<\/p>\n<ul>\n<li>Body weather workshop s&nbsp;Frank van der Ven; Archa; 2 dny<\/li>\n<li>Improevents &#8211; workshop se Stephanie Scura; hala Alta; 5&nbsp;dn\u00ed<\/li>\n<li>Ji\u0159\u00ed Lossl \u2013 Tanec a&nbsp;Vesel\u00ed; Vesel\u00ed na Morav\u011b; 5&nbsp;dn\u00ed<\/li>\n<li>workshop s&nbsp;Maria Codinachs: Od neutr\u00e1ln\u00ed masky k\u00a0masce komedie dell arte; 3 dny<\/li>\n<\/ul>\n<p>2013<\/p>\n<ul>\n<li>Farma v\u00a0jeskyni, 4 dny<\/li>\n<li>Festival Nult\u00fd bod \u2013 Cecile da Costa; 2 dny<\/li>\n<\/ul>\n<p>2012<\/p>\n<ul>\n<li>Festival Nult\u00fd bod\u2013 workshop s\u00a0Reka Zs\u00e1bo, Radim Vizv\u00e1ry, Juschka Weigel; 6&nbsp;dn\u00ed<\/li>\n<\/ul>\n<p>2010<\/p>\n<ul>\n<li>Improevents\u2013\u00a0workshop s&nbsp;R\u00fath Zaporah; 5&nbsp;dn\u00ed<\/li>\n<\/ul>\n<p>2009<\/p>\n<ul>\n<li>Jo\u0161i Oida \u2013 workshop na DAMU; 2 dny<\/li>\n<\/ul>\n<p>2008<\/p>\n<ul>\n<li>Eva Weissmann \u2013 workshop + p\u0159edstaven\u00ed v&nbsp;Alfr\u00e9d ve dvo\u0159e<\/li>\n<\/ul>\n<p>2008<\/p>\n<ul>\n<li>Farma v\u00a0jeskyni : 2 x p\u011btidenn\u00ed workshop<\/li>\n<\/ul>\n<p>2007<\/p>\n<ul>\n<li>Rafael Degar\u2013 d\u00edlna biomechaniky a&nbsp;pohybov\u00e9ho herectv\u00ed<\/li>\n<\/ul>\n<p>2005 &#8211; sou\u010dasnost<\/p>\n<ul>\n<li>kurzy a&nbsp;letn\u00ed d\u00edlny v\u00fdrazov\u00e9ho tance Antonie Svobodov\u00e9<\/li>\n<\/ul>\n<p>&nbsp;<\/p>\n<p><strong>Divadeln\u00ed praxe \u2013 \u00fa\u010dast na projektech, autorsk\u00e1 p\u0159edstaven\u00ed <\/strong><\/p>\n<p>2016-14<\/p>\n<ul>\n<li>Site specific pohybov\u00e9 improvizace na most\u011b v\u00a0r\u00e1mci Mezin\u00e1rodn\u00edho dne tance, s\u00a0tane\u010dnic\u00ed Antoni\u00ed Svobodovou<\/li>\n<\/ul>\n<p>2016, 2015<\/p>\n<ul>\n<li>Lessons of touch, projekt Mi\u0159enky \u010cechov\u00e9 s\u00a0\u00fa\u010dast\u00ed dobrovoln\u00edk\u016f p\u0159ev\u00e1\u017en\u011b neherc\u016f, NoD<\/li>\n<li>V\u011bci \u2013 absolventsk\u00e9 autorsk\u00e9 p\u0159edstaven\u00ed; prezentace mj. v\u00a0r\u00e1mci festivalu Autorsk\u00e1 tvorba Nabl\u00edzko 2015 ve studiu \u0158et\u00edzek na DAMU<\/li>\n<\/ul>\n<p>2014<\/p>\n<ul>\n<li>Vy restaurujete&#8230; \u2013 studentsk\u00e1 autorsk\u00e9 prezentace v\u00a0\u0158et\u00edzku, Damu,\u00a0Festival Autorsk\u00e1 tvorba nabl\u00edzko<\/li>\n<\/ul>\n<p>2012<\/p>\n<ul>\n<li>Zahr\u00e1dky \u2013 studentsk\u00fd site specific projekt v&nbsp;P\u0159edlic\u00edch v\u00a0\u00dast\u00ed nad Labem, v\u00fdzkum spojen\u00fd s\u00a0p\u0159edstaven\u00edm v\u00a0tam\u011bj\u0161\u00ed zahr\u00e1dk\u00e1\u0159sk\u00e9 kolonii odsouzen\u00e9 k\u00a0z\u00e1niku s&nbsp;\u00fa\u010dast\u00ed m\u00edstn\u00edch romsk\u00fdch d\u011bt\u00ed a&nbsp;v\u00fdstavou jejich prac\u00ed v\u00a0galerii Armaturka<\/li>\n<\/ul>\n<p>2011<\/p>\n<ul>\n<li>Kolora 01\u2013\u00a0studentsk\u00fd site specific projekt; o\u017eiven\u00ed uzav\u0159en\u00e9 textiln\u00ed tov\u00e1rny v\u00a0Semilech<\/li>\n<\/ul>\n<p>2010<\/p>\n<ul>\n<li>Vl\u010d\u00ed rokle \u2013 studentsk\u00fd site specific projekt; plen\u00e9rov\u00e1 putuj\u00edc\u00ed performance v\u00a0prostoru Vl\u010d\u00ed rokle u&nbsp;J\u00edlov\u00e9ho u&nbsp;Prahy<\/li>\n<li>\u017d\u00ed\u017ealy \u2013 studentsk\u00e1 autorsk\u00e1 prezentace, divadlo Inspirce, Festival Autorsk\u00e1 tvorba nabl\u00edzko<\/li>\n<\/ul>\n<p>2009<\/p>\n<ul>\n<li>\u010cek\u00e1n\u00ed \u2013 studentsk\u00e1 autorsk\u00e9 prezentace v\u00a0\u0158et\u00edzku, Damu<\/li>\n<\/ul>\n<p>2007\u201314<\/p>\n<ul>\n<li>\u0158ada drobn\u00fdch tane\u010dn\u00edch exteri\u00e9rov\u00fdch v\u00fdstup\u016f (Slavonice, Praha, T\u0159ebo\u0148)<\/li>\n<\/ul>\n<p>2002<\/p>\n<ul>\n<li>East West, p\u0159edstaven\u00ed Catavento \u2013 norsko-\u010desko-portugalsk\u00fd studentsk\u00fd projekt pohybov\u00e9ho improviza\u010dn\u00edho divadla veden\u00fd Kjellem Mobergem, prezentace v\u00a0divadle Alfr\u00e9d ve dvo\u0159e a&nbsp;v&nbsp;Lisabonu<\/li>\n<\/ul>\n<p>&nbsp;<\/p>\n<p><strong>Pedagogick\u00e1 praxe <\/strong><\/p>\n<p>Dlouhodob\u00e9 pr\u00e1ce:<\/p>\n<p>09\/2014 \u2013 sou\u010dasnost | Gymn\u00e1zium Eli\u0161ky Kr\u00e1snohorsk\u00e9, Ohradn\u00ed 55, Praha 4, Michle<br \/>\nPozice Pedagog v\u00fdtvarn\u00e9 a&nbsp;dramatick\u00e9 v\u00fdchovy<\/p>\n<p>10\/2015 \u2013 sou\u010dasnost\u00a0| Sdru\u017een\u00ed Rozto\u010d, Roztoky u&nbsp;Prahy<br \/>\nLektor dramatick\u00e9ho volno\u010dasov\u00e9ho krou\u017eku pro d\u011bti 1.&nbsp;stupn\u011b<\/p>\n<p>10\/2015 \u2013 sou\u010dasnost\u00a0| DDM Ulita, Na Balk\u00e1n\u011b 2866\/17a, Praha 3<br \/>\nPozice Lektor dramatick\u00e9ho volno\u010dasov\u00e9ho krou\u017eku pro d\u011bti 2.&nbsp;stupn\u011b<\/p>\n<p>2008\u2013sou\u010dasnost | kino Aero, bio Oko, sekce Aero\u0161kola, Biskupcova 31, Praha 3<br \/>\nPozice koordin\u00e1tor a&nbsp;lektor Aero, Oko d\u011btem (v\u00fdtvarn\u00e9 d\u00edlny)<\/p>\n<p>10\/2011\u20132013, 2016 | Ekodomov, o.s., V&nbsp;Podbab\u011b 29b\/2602, Praha 6<br \/>\nPozice Lektor environment\u00e1ln\u00edch exkurz\u00ed<\/p>\n<p>09\/2014\u201306\/2015 | DDM Ulita, Na Balk\u00e1n\u011b 2866\/17a, Praha 3<br \/>\nPozice Lektor v\u00fdtvarn\u00e9ho volno\u010dasov\u00e9ho krou\u017eku pro d\u011bti 1.&nbsp;stupn\u011b Z\u0160<\/p>\n<p>06\/2013\u201306\/2015 | St\u0159edisko ekologick\u00e9 v\u00fdchovy Toulc\u016fv dv\u016fr, Kubatova 1, Praha 10<br \/>\nPozice Lektor environment\u00e1ln\u00edch vzd\u011bl\u00e1vac\u00edch program\u016f pro \u0161koly<\/p>\n<p>09\/2012\u201301\/2013 | Kulturn\u00ed ji\u017en\u00ed m\u011bsto o.p.s., KC Zahrada, Malenick\u00e1 1784\/2, Praha 4<br \/>\nPozice Lektor kurzu Ateli\u00e9r kreativn\u00edho pohybu pro p\u0159ed\u0161koln\u00ed d\u011bti<\/p>\n<p>Kr\u00e1tkodob\u00e9 pr\u00e1ce:<\/p>\n<p>07\/2012 | DDM Ulita, Na Balk\u00e1n\u011b 2866\/17a, Praha 3<br \/>\npozice Lektor p\u0159\u00edm\u011bstsk\u00e9ho t\u00e1bora s\u00a0ekologicko &#8211; v\u00fdtvarn\u00fdm zam\u011b\u0159en\u00edm<\/p>\n<p>2009\u20132011 | Kino Aero, sekce Aero\u0161kola, Biskupcova 31, Praha 3<br \/>\nPozice Lektor v\u00fdtvarn\u00e9, divadeln\u00ed pr\u00e1ce a&nbsp;volno\u010dasov\u00fdch sportovn\u00edch\u00a0aktivit na d\u011btsk\u00e9m filmov\u00e9m t\u00e1bo\u0159e Aert\u011bk<\/p>\n<p><strong>Praxe souvisej\u00edc\u00ed s\u00a0v\u00fdtvarn\u00fdm um\u011bn\u00edm<\/strong><\/p>\n<p>09\u201311\/2013 | N\u00e1vrh a&nbsp;realizace v\u00fdtvarn\u00e9ho konceptu pro Sametov\u00e9 posv\u00edcen\u00ed<br \/>\nSatirick\u00fd pr\u016fvod masek (prezentace ob\u010dansk\u00fdch sdru\u017een\u00ed a&nbsp;aktu\u00e1ln\u00edch spole\u010densk\u00fdch probl\u00e9m\u016f v\u00fdtvarn\u011b &#8211; dramatickou formou)<\/p>\n<p>2005\u20132008 | Galerie Fotografic, St\u0159\u00edbrn\u00e1 2, Praha 1<br \/>\nPozice Prodava\u010d a&nbsp;kust\u00f3d v&nbsp;galerii<\/p>\n<p>2005\u00a0| Ilustrace knihy Sen o&nbsp;K\u0159\u00ed\u017ei (ISBN 80-903106-8-0)<br \/>\nPraxe v\u00a0oboru restaurov\u00e1n\u00ed<\/p>\n<p>08\/2015\u00a0| Restaurov\u00e1n\u00ed a&nbsp;konzervov\u00e1n\u00ed n\u00e1st\u011bnn\u00fdch maleb v\u00a0budhistick\u00e9m kl\u00e1\u0161te\u0159e Diskit, svatyni Lhakang Karpo, v\u00a0Hunderu v&nbsp;Ladakhu, Indii<\/p>\n<p>2005\u20132014 | Restaurov\u00e1n\u00ed n\u00e1st\u011bnn\u00fdch maleb\u00a0(Kou\u0159im, franti\u0161k\u00e1nsk\u00fd kl\u00e1\u0161ter v\u00a0Kadani), restaurov\u00e1n\u00ed pro Galerii v\u00fdtvarn\u00fdch um\u011bn\u00ed Ostrava, NG v\u00a0Praze, pr\u00e1ce pro soukrom\u00e9 restaur\u00e1tory<\/p>\n<p><strong>Jazykov\u00e9 znalosti<\/strong><\/p>\n<ul>\n<li lang=\"cs-CZ\">angli\u010dtina \u2013 pokro\u010dil\u00e1,<\/li>\n<li lang=\"cs-CZ\">n\u011bm\u010dina \u2013 st\u0159edn\u011b pokro\u010dil\u00e1,<\/li>\n<li lang=\"cs-CZ\">francouz\u0161tina \u2013 za\u010d\u00e1te\u010dn\u00edk,<\/li>\n<li lang=\"cs-CZ\">latina \u2013 z\u00e1klady.<\/li>\n<\/ul>\n<p><strong>Pr\u00e1ce s\u00a0po\u010d\u00edta\u010dem<\/strong><\/p>\n<p lang=\"cs-CZ\">Microsoft Word, Microsoft Powerpoint, Microsoft Excel, Adobe Photoshop, Adobe Indesign<\/p>\n<p lang=\"cs-CZ\"><strong>Ostatn\u00ed kurzy a&nbsp;dovednosti<\/strong><\/p>\n<p>Komunikativnost, aktivn\u00ed p\u0159\u00edstup, flexibilita, spolehlivost, otev\u0159enost nov\u00fdm v\u011bcem.<\/p>\n<p><strong>Z\u00e1jmy<\/strong><\/p>\n<p lang=\"cs-CZ\">Um\u011bn\u00ed a&nbsp;kultura \u2013 v\u00fdtvarn\u00e9 um\u011bn\u00ed, divadlo, hudba (hra na klarinet a&nbsp;fl\u00e9tnu), sport, cestov\u00e1n\u00ed, filosofie, enviroment\u00e1ln\u00ed t\u00e9mata &#8211; udr\u017eiteln\u00fd rozvoj, zahrada, biostyl, spole\u010densk\u00e9 d\u011bn\u00ed, ve\u0159ejn\u00fd prostor.<\/p>","protected":false},"excerpt":{"rendered":"<p>Tel.: +420\u00a0774\u00a0350\u00a0085 E-mail: tumomich@seznam.cz Datum a&nbsp;m\u00edsto narozen\u00ed: 8.&nbsp;srpen 1983, Praha &nbsp; Vzd\u011bl\u00e1n\u00ed 09\/2013\u201309\/2014 Divadeln\u00ed fakulta AMU &#8211; Katedra autorsk\u00e9 tvorby a&nbsp;pedagogiky navazuj\u00edc\u00ed magistersk\u00e9 studium 10\/2006\u201306\/2007 Akademie v\u00fdtvarn\u00fdch um\u011bn\u00ed v\u00a0Praze 10\/2008\u201306\/2013 Restaurov\u00e1n\u00ed mal\u00ed\u0159sk\u00fdch d\u011bl a&nbsp;polychromovan\u00fdch plastik denn\u00ed magistersk\u00e9 studium 2008\u20132011 Divadeln\u00ed fakulta AMU &#8211; Katedra autorsk\u00e9 tvorby a&nbsp;pedagogiky navazuj\u00edc\u00ed magistersk\u00e9 studium 2010\u20132012 pilotn\u00ed program AMU &#8211; [&hellip;]<\/p>","protected":false},"author":1,"featured_media":0,"parent":27,"menu_order":0,"comment_status":"closed","ping_status":"closed","template":"main.php","meta":{"footnotes":""},"class_list":["post-577","page","type-page","status-publish","hentry"],"_links":{"self":[{"href":"https:\/\/www.tuseni.cz\/index.php\/wp-json\/wp\/v2\/pages\/577","targetHints":{"allow":["GET"]}}],"collection":[{"href":"https:\/\/www.tuseni.cz\/index.php\/wp-json\/wp\/v2\/pages"}],"about":[{"href":"https:\/\/www.tuseni.cz\/index.php\/wp-json\/wp\/v2\/types\/page"}],"author":[{"embeddable":true,"href":"https:\/\/www.tuseni.cz\/index.php\/wp-json\/wp\/v2\/users\/1"}],"replies":[{"embeddable":true,"href":"https:\/\/www.tuseni.cz\/index.php\/wp-json\/wp\/v2\/comments?post=577"}],"version-history":[{"count":4,"href":"https:\/\/www.tuseni.cz\/index.php\/wp-json\/wp\/v2\/pages\/577\/revisions"}],"predecessor-version":[{"id":586,"href":"https:\/\/www.tuseni.cz\/index.php\/wp-json\/wp\/v2\/pages\/577\/revisions\/586"}],"up":[{"embeddable":true,"href":"https:\/\/www.tuseni.cz\/index.php\/wp-json\/wp\/v2\/pages\/27"}],"wp:attachment":[{"href":"https:\/\/www.tuseni.cz\/index.php\/wp-json\/wp\/v2\/media?parent=577"}],"curies":[{"name":"wp","href":"https:\/\/api.w.org\/{rel}","templated":true}]}}