
{"id":932,"date":"2017-10-04T12:04:45","date_gmt":"2017-10-04T11:04:45","guid":{"rendered":"http:\/\/www.tuseni.cz\/?page_id=932"},"modified":"2018-04-03T16:08:03","modified_gmt":"2018-04-03T15:08:03","slug":"frantiska-hejdukova","status":"publish","type":"page","link":"https:\/\/www.tuseni.cz\/index.php\/lektori\/frantiska-hejdukova\/","title":{"rendered":"Franti\u0161ka Hejdukov\u00e1"},"content":{"rendered":"<div id=\"attachment_934\" style=\"width: 310px\" class=\"wp-caption alignright\"><a href=\"http:\/\/www.tuseni.cz\/wp-content\/uploads\/2017\/10\/fr-hejdukova.jpg\"><img loading=\"lazy\" decoding=\"async\" aria-describedby=\"caption-attachment-934\" class=\"wp-image-934 size-medium\" src=\"http:\/\/www.tuseni.cz\/wp-content\/uploads\/2017\/10\/fr-hejdukova-300x225.jpg\" alt=\"\" width=\"300\" height=\"225\" srcset=\"https:\/\/www.tuseni.cz\/wp-content\/uploads\/2017\/10\/fr-hejdukova-300x225.jpg 300w, https:\/\/www.tuseni.cz\/wp-content\/uploads\/2017\/10\/fr-hejdukova-768x576.jpg 768w, https:\/\/www.tuseni.cz\/wp-content\/uploads\/2017\/10\/fr-hejdukova-1024x768.jpg 1024w, https:\/\/www.tuseni.cz\/wp-content\/uploads\/2017\/10\/fr-hejdukova-250x188.jpg 250w, https:\/\/www.tuseni.cz\/wp-content\/uploads\/2017\/10\/fr-hejdukova.jpg 1200w\" sizes=\"auto, (max-width: 300px) 100vw, 300px\" \/><\/a><p id=\"caption-attachment-934\" class=\"wp-caption-text\">Franti\u0161ka Hejdukov\u00e1<\/p><\/div>\n<p align=\"justify\">Studentka Katedry v\u00fdchovn\u00e9 dramatiky DAMU, s\u00a0bakal\u00e1\u0159sk\u00fdm titulem v\u00a0oboru Soci\u00e1ln\u00ed a&nbsp;pastora\u010dn\u00ed pr\u00e1ce. Sna\u017e\u00ed se propojovat pom\u00e1haj\u00edc\u00ed profese s\u00a0divadlem a&nbsp;hledat cesty, jak skrz divadlo pom\u00e1hat lidem s\u00a0r\u016fzn\u00fdm znev\u00fdhodn\u011bn\u00fdm. Zku\u0161enost s\u00a0d\u011btmi m\u00e1 z\u00a0mnohalet\u00e9 spolupr\u00e1ce na d\u011btsk\u00e9m filmov\u00e9m soust\u0159ed\u011bn\u00ed Aert\u011bk, po\u0159\u00e1dan\u00fdm kinem Aero, a&nbsp;z&nbsp;prax\u00ed v\u00a0soci\u00e1ln\u00edch slu\u017eb\u00e1ch. Ve voln\u00e9m \u010dase se v\u011bnuje divadlu, produk\u010dn\u00ed pr\u00e1ci, literatu\u0159e pro d\u011bti a&nbsp;ml\u00e1de\u017e, cestov\u00e1n\u00ed a&nbsp;v\u00fdrob\u011b recyklovan\u00fdch kol\u00e1\u017e\u00ed \u010di animovan\u00fdch film\u016f.<\/p>\n<div style=\"display: none;\">\n<p><span style=\"font-size: medium;\"><b>Osobn\u00ed \u00fadaje<\/b><\/span><br \/>\n<span style=\"font-size: medium;\">Datum narozen\u00ed: 23.&nbsp;3.&nbsp;1993<br \/>\n<\/span><span style=\"font-size: medium;\">Telefonn\u00ed \u010d\u00edslo: 725\u00a0334&nbsp;272<br \/>\n<\/span><span style=\"font-size: medium;\">Email: <a href=\"mailto:hejdukovafra@seznam.cz\">hejdukovafra@seznam.cz<br \/>\n<\/a><\/span><span style=\"font-size: medium;\">Titul: Bc.<\/span><span style=\"font-size: medium;\"><b>Vzd\u011bl\u00e1n\u00ed<\/b><\/span><\/p>\n<ul>\n<li><span style=\"font-size: medium;\">Sou\u010dasn\u00e9 studium: Divadeln\u00ed akademie muzick\u00fdch um\u011bn\u00ed, katedra v\u00fdchovn\u00e9 dramatiky<\/span><\/li>\n<li><span style=\"font-size: medium;\">Dosa\u017een\u00e9: Evangelick\u00e1 teologick\u00e1 fakulta Univerzity Karlovy, obor Pastora\u010dn\u00ed a&nbsp;soci\u00e1ln\u00ed pr\u00e1ce<\/span><\/li>\n<li><span style=\"font-size: medium;\">Newman University Birmingham (leden &#8211; \u010derven 2015), studijn\u00ed pobyt v&nbsp;r\u00e1mci programu Erasmus+ <\/span><\/li>\n<\/ul>\n<p><span style=\"font-size: medium;\"><b>Pracovn\u00ed zku\u0161enosti<\/b><\/span><\/p>\n<ul>\n<li><span style=\"font-size: medium;\">Sou\u010dasnost \u2013 lektorka dramatick\u00e9 v\u00fdchovy DDM Stod\u016flky<\/span><\/li>\n<li><span style=\"font-size: medium;\">B\u0159ezen 2017 \u2013 vedouc\u00ed kina (koordin\u00e1torka kinos\u00e1lu) festival Jeden sv\u011bt<\/span><\/li>\n<li><span style=\"font-size: medium;\">Leden 2016 \u2013 sou\u010dasnost: festival \u017di\u017ekovsk\u00e1 Noc, po\u0159adatelka sekce \u017di\u017ekovsk\u00fd market, doprovodn\u00fd program<\/span><\/li>\n<li><span style=\"font-size: medium;\">Duben 2016 \u2013 \u010derven 2017: Produk\u010dn\u00ed mana\u017eer Archa.lab, Divadlo Archa<\/span><\/li>\n<li><span style=\"font-size: medium;\">Z\u00e1\u0159\u00ed 2015 \u2013 b\u0159ezen 2016: Divadlo D21, uvad\u011b\u010dka, pokladn\u00ed <\/span><\/li>\n<li><span style=\"font-size: medium;\">Listopad 2014 &#8211; sou\u010dasnost: Divadlo Minor, uvad\u011b\u010dka<\/span><\/li>\n<li><span style=\"font-size: medium;\">Srpen 2012 \u2013 srpen 2014: Kino Aero, pokladn\u00ed, uvad\u011b\u010dka<\/span><\/li>\n<li><span style=\"font-size: medium;\">Kv\u011bten 2010 \u2013 leden 2013: Z\u00e1mek D\u011b\u010d\u00edn, pr\u016fvodkyn\u011b<\/span><\/li>\n<li><span style=\"font-size: medium;\">2009 \u2013 2014: vedouc\u00ed na d\u011btsk\u00e9m filmov\u00e9m soust\u0159ed\u011bn\u00ed Aert\u011bk<\/span><\/li>\n<\/ul>\n<p><span style=\"font-size: medium;\"><b>Praxe<\/b><\/span><\/p>\n<ul>\n<li><span style=\"font-size: medium;\">V\u00a0pr\u016fb\u011bhu studia na ETF UK t\u00fddenn\u00ed a\u017e m\u011bs\u00ed\u010dn\u00ed praxe v\u00a0za\u0159\u00edzen\u00edch r\u016fzn\u00e9ho typu. Speci\u00e1ln\u00ed \u0161kolka, speci\u00e1ln\u00ed z\u00e1kladn\u00ed \u0161kola, d\u011btsk\u00fd domov, diagnostick\u00fd \u00fastav, hospic a&nbsp;dal\u0161\u00ed.<\/span><\/li>\n<\/ul>\n<p><span style=\"font-size: medium;\"><b>Znalost ciz\u00edch jazyk\u016f<\/b><\/span><\/p>\n<ul>\n<li><span style=\"font-size: medium;\">angli\u010dtina &#8211; aktivn\u00ed znalost slovem i&nbsp;p\u00edsmem<\/span><\/li>\n<li><span style=\"font-size: medium;\">francouz\u0161tina &#8211; z\u00e1klady<\/span><\/li>\n<\/ul>\n<p><span style=\"font-size: medium;\"><b>Znalost pr\u00e1ce na PC<\/b><\/span><\/p>\n<ul>\n<li>MS OFFICE, OpenOffice \u2013 u\u017eivatelsk\u00e1 znalost<\/li>\n<li>Reserva\u010dn\u00ed syst\u00e9m Colosseum- aktivn\u00ed znalost<\/li>\n<li>Movie Maker, Adobe Premiere, Pinnacle Studio (st\u0159iha\u010dsk\u00e9 programy)- z\u00e1klady<\/li>\n<\/ul>\n<p><strong>Z\u00e1liby<\/strong><\/p>\n<ul>\n<li><a name=\"_GoBack\"><\/a> Divadlo a&nbsp;film (aktivn\u00ed tvorba i&nbsp;pasivn\u00ed sledov\u00e1n\u00ed), literatura, dobrovolnictv\u00ed, cestov\u00e1n\u00ed, v\u00fdroba plak\u00e1t\u016f (kol\u00e1\u017ee)<\/li>\n<\/ul>\n<\/div>","protected":false},"excerpt":{"rendered":"<p>Studentka Katedry v\u00fdchovn\u00e9 dramatiky DAMU, s\u00a0bakal\u00e1\u0159sk\u00fdm titulem v\u00a0oboru Soci\u00e1ln\u00ed a&nbsp;pastora\u010dn\u00ed pr\u00e1ce. Sna\u017e\u00ed se propojovat pom\u00e1haj\u00edc\u00ed profese s\u00a0divadlem a&nbsp;hledat cesty, jak skrz divadlo pom\u00e1hat lidem s\u00a0r\u016fzn\u00fdm znev\u00fdhodn\u011bn\u00fdm. Zku\u0161enost s\u00a0d\u011btmi m\u00e1 z\u00a0mnohalet\u00e9 spolupr\u00e1ce na d\u011btsk\u00e9m filmov\u00e9m soust\u0159ed\u011bn\u00ed Aert\u011bk, po\u0159\u00e1dan\u00fdm kinem Aero, a&nbsp;z&nbsp;prax\u00ed v\u00a0soci\u00e1ln\u00edch slu\u017eb\u00e1ch. Ve voln\u00e9m \u010dase se v\u011bnuje divadlu, produk\u010dn\u00ed pr\u00e1ci, literatu\u0159e pro d\u011bti a&nbsp;ml\u00e1de\u017e, cestov\u00e1n\u00ed [&hellip;]<\/p>","protected":false},"author":1,"featured_media":0,"parent":27,"menu_order":0,"comment_status":"closed","ping_status":"closed","template":"main.php","meta":{"footnotes":""},"class_list":["post-932","page","type-page","status-publish","hentry"],"_links":{"self":[{"href":"https:\/\/www.tuseni.cz\/index.php\/wp-json\/wp\/v2\/pages\/932","targetHints":{"allow":["GET"]}}],"collection":[{"href":"https:\/\/www.tuseni.cz\/index.php\/wp-json\/wp\/v2\/pages"}],"about":[{"href":"https:\/\/www.tuseni.cz\/index.php\/wp-json\/wp\/v2\/types\/page"}],"author":[{"embeddable":true,"href":"https:\/\/www.tuseni.cz\/index.php\/wp-json\/wp\/v2\/users\/1"}],"replies":[{"embeddable":true,"href":"https:\/\/www.tuseni.cz\/index.php\/wp-json\/wp\/v2\/comments?post=932"}],"version-history":[{"count":5,"href":"https:\/\/www.tuseni.cz\/index.php\/wp-json\/wp\/v2\/pages\/932\/revisions"}],"predecessor-version":[{"id":1092,"href":"https:\/\/www.tuseni.cz\/index.php\/wp-json\/wp\/v2\/pages\/932\/revisions\/1092"}],"up":[{"embeddable":true,"href":"https:\/\/www.tuseni.cz\/index.php\/wp-json\/wp\/v2\/pages\/27"}],"wp:attachment":[{"href":"https:\/\/www.tuseni.cz\/index.php\/wp-json\/wp\/v2\/media?parent=932"}],"curies":[{"name":"wp","href":"https:\/\/api.w.org\/{rel}","templated":true}]}}

Františka Hejduková

<div id="attachment_934" style="width: 310px" class="wp-caption alignright"><a href="http://www.tuseni.cz/wp-content/uploads/2017/10/fr-hejdukova.jpg"><img loading="lazy" decoding="async" aria-describedby="caption-attachment-934" class="wp-image-934 size-medium" src="http://www.tuseni.cz/wp-content/uploads/2017/10/fr-hejdukova-300x225.jpg" alt="" width="300" height="225" srcset="https://www.tuseni.cz/wp-content/uploads/2017/10/fr-hejdukova-300x225.jpg 300w, https://www.tuseni.cz/wp-content/uploads/2017/10/fr-hejdukova-768x576.jpg 768w, https://www.tuseni.cz/wp-content/uploads/2017/10/fr-hejdukova-1024x768.jpg 1024w, https://www.tuseni.cz/wp-content/uploads/2017/10/fr-hejdukova-250x188.jpg 250w, https://www.tuseni.cz/wp-content/uploads/2017/10/fr-hejdukova.jpg 1200w" sizes="auto, (max-width: 300px) 100vw, 300px" /></a><p id="caption-attachment-934" class="wp-caption-text">Františka Hejduková</p></div>
<p align="justify">Studentka Katedry výchovné dramatiky DAMU, s bakalářským titulem v oboru Sociální a&nbsp;pastorační práce. Snaží se propojovat pomáhající profese s divadlem a&nbsp;hledat cesty, jak skrz divadlo pomáhat lidem s různým znevýhodněným. Zkušenost s dětmi má z mnohaleté spolupráce na dětském filmovém soustředění Aertěk, pořádaným kinem Aero, a&nbsp;z&nbsp;praxí v sociálních službách. Ve volném čase se věnuje divadlu, produkční práci, literatuře pro děti a&nbsp;mládež, cestování a&nbsp;výrobě recyklovaných koláží či animovaných filmů.</p>
<div style="display: none;">
<p><span style="font-size: medium;"><b>Osobní údaje</b></span><br />
<span style="font-size: medium;">Datum narození: 23.&nbsp;3.&nbsp;1993<br />
</span><span style="font-size: medium;">Telefonní číslo: 725 334&nbsp;272<br />
</span><span style="font-size: medium;">Email: <a href="mailto:hejdukovafra@seznam.cz">hejdukovafra@seznam.cz<br />
</a></span><span style="font-size: medium;">Titul: Bc.</span><span style="font-size: medium;"><b>Vzdělání</b></span></p>
<ul>
<li><span style="font-size: medium;">Současné studium: Divadelní akademie muzických umění, katedra výchovné dramatiky</span></li>
<li><span style="font-size: medium;">Dosažené: Evangelická teologická fakulta Univerzity Karlovy, obor Pastorační a&nbsp;sociální práce</span></li>
<li><span style="font-size: medium;">Newman University Birmingham (leden &#8211; červen 2015), studijní pobyt v&nbsp;rámci programu Erasmus+ </span></li>
</ul>
<p><span style="font-size: medium;"><b>Pracovní zkušenosti</b></span></p>
<ul>
<li><span style="font-size: medium;">Současnost – lektorka dramatické výchovy DDM Stodůlky</span></li>
<li><span style="font-size: medium;">Březen 2017 – vedoucí kina (koordinátorka kinosálu) festival Jeden svět</span></li>
<li><span style="font-size: medium;">Leden 2016 – současnost: festival Žižkovská Noc, pořadatelka sekce Žižkovský market, doprovodný program</span></li>
<li><span style="font-size: medium;">Duben 2016 – červen 2017: Produkční manažer Archa.lab, Divadlo Archa</span></li>
<li><span style="font-size: medium;">Září 2015 – březen 2016: Divadlo D21, uvaděčka, pokladní </span></li>
<li><span style="font-size: medium;">Listopad 2014 &#8211; současnost: Divadlo Minor, uvaděčka</span></li>
<li><span style="font-size: medium;">Srpen 2012 – srpen 2014: Kino Aero, pokladní, uvaděčka</span></li>
<li><span style="font-size: medium;">Květen 2010 – leden 2013: Zámek Děčín, průvodkyně</span></li>
<li><span style="font-size: medium;">2009 – 2014: vedoucí na dětském filmovém soustředění Aertěk</span></li>
</ul>
<p><span style="font-size: medium;"><b>Praxe</b></span></p>
<ul>
<li><span style="font-size: medium;">V průběhu studia na ETF UK týdenní až měsíční praxe v zařízeních různého typu. Speciální školka, speciální základní škola, dětský domov, diagnostický ústav, hospic a&nbsp;další.</span></li>
</ul>
<p><span style="font-size: medium;"><b>Znalost cizích jazyků</b></span></p>
<ul>
<li><span style="font-size: medium;">angličtina &#8211; aktivní znalost slovem i&nbsp;písmem</span></li>
<li><span style="font-size: medium;">francouzština &#8211; základy</span></li>
</ul>
<p><span style="font-size: medium;"><b>Znalost práce na PC</b></span></p>
<ul>
<li>MS OFFICE, OpenOffice – uživatelská znalost</li>
<li>Reservační systém Colosseum- aktivní znalost</li>
<li>Movie Maker, Adobe Premiere, Pinnacle Studio (střihačské programy)- základy</li>
</ul>
<p><strong>Záliby</strong></p>
<ul>
<li><a name="_GoBack"></a> Divadlo a&nbsp;film (aktivní tvorba i&nbsp;pasivní sledování), literatura, dobrovolnictví, cestování, výroba plakátů (koláže)</li>
</ul>
</div>

<p>Studentka Katedry výchovné dramatiky DAMU, s bakalářským titulem v oboru Sociální a&nbsp;pastorační práce. Snaží se propojovat pomáhající profese s divadlem a&nbsp;hledat cesty, jak skrz divadlo pomáhat lidem s různým znevýhodněným. Zkušenost s dětmi má z mnohaleté spolupráce na dětském filmovém soustředění Aertěk, pořádaným kinem Aero, a&nbsp;z&nbsp;praxí v sociálních službách. Ve volném čase se věnuje divadlu, produkční práci, literatuře pro děti a&nbsp;mládež, cestování [&hellip;]</p>
